CRAN Package Check Results for Package sjPlot

Last updated on 2019-11-17 17:49:19 CET.

Flavor Version Tinstall Tcheck Ttotal Status Flags
r-devel-linux-x86_64-debian-clang 2.7.2 24.56 427.78 452.34 OK
r-devel-linux-x86_64-debian-gcc 2.7.2 22.60 315.83 338.43 OK
r-devel-linux-x86_64-fedora-clang 2.7.2 526.89 NOTE
r-devel-linux-x86_64-fedora-gcc 2.7.2 536.10 NOTE
r-devel-windows-ix86+x86_64 2.7.2 64.00 426.00 490.00 OK
r-patched-linux-x86_64 2.7.2 22.07 404.09 426.16 OK
r-patched-solaris-x86 2.7.2 655.60 NOTE
r-release-linux-x86_64 2.7.2 23.21 404.98 428.19 OK
r-release-windows-ix86+x86_64 2.7.2 36.00 545.00 581.00 OK
r-release-osx-x86_64 2.7.2 NOTE
r-oldrel-windows-ix86+x86_64 2.7.2 29.00 497.00 526.00 OK
r-oldrel-osx-x86_64 2.7.2 NOTE

Check Details

Version: 2.7.2
Check: dependencies in R code
Result: NOTE
    Namespace in Imports field not imported from: ‘nlme’
     All declared Imports should be used.
Flavors: r-devel-linux-x86_64-fedora-clang, r-devel-linux-x86_64-fedora-gcc, r-patched-solaris-x86, r-release-osx-x86_64, r-oldrel-osx-x86_64