CRAN Package Check Results for Package sitmo

Last updated on 2018-12-13 23:49:57 CET.

Flavor Version Tinstall Tcheck Ttotal Status Flags
r-devel-linux-x86_64-debian-clang 2.0.0 25.08 59.16 84.24 NOTE
r-devel-linux-x86_64-debian-gcc 2.0.0 19.67 41.45 61.12 NOTE
r-devel-linux-x86_64-fedora-clang 2.0.0 110.61 NOTE
r-devel-linux-x86_64-fedora-gcc 2.0.0 99.73 NOTE
r-devel-windows-ix86+x86_64 2.0.0 70.00 108.00 178.00 OK
r-patched-linux-x86_64 2.0.0 27.74 53.00 80.74 OK
r-patched-solaris-x86 2.0.0 160.80 OK
r-release-linux-x86_64 2.0.0 26.43 53.29 79.72 OK
r-release-windows-ix86+x86_64 2.0.0 53.00 101.00 154.00 OK
r-release-osx-x86_64 2.0.0 OK
r-oldrel-windows-ix86+x86_64 2.0.0 52.00 132.00 184.00 OK
r-oldrel-osx-x86_64 2.0.0 OK

Check Details

Version: 2.0.0
Check: use of SHLIB_OPENMP_*FLAGS in Makefiles
Result: NOTE
     src/Makevars: SHLIB_OPENMP_CFLAGS is included in PKG_CFLAGS without any C files
     src/Makevars: SHLIB_OPENMP_CFLAGS is included in PKG_LIBS but linking is by C++
     src/Makevars.win: SHLIB_OPENMP_CFLAGS is included in PKG_CFLAGS without any C files
     src/Makevars.win: SHLIB_OPENMP_CFLAGS is included in PKG_LIBS but linking is by C++
    Use of these macros is discussed in sect 1.2.1.1 of ‘Writing R
    Extensions’. The macros for different languages may differ so the
    matching macro must be used in PKG_CXXFLAGS (etc) and match that used
    in PKG_LIBS (except for Fortran: see the manual).
Flavors: r-devel-linux-x86_64-debian-clang, r-devel-linux-x86_64-debian-gcc, r-devel-linux-x86_64-fedora-clang, r-devel-linux-x86_64-fedora-gcc