CRAN Package Check Results for Package sitmo

Last updated on 2019-03-24 11:51:45 CET.

Flavor Version Tinstall Tcheck Ttotal Status Flags
r-devel-linux-x86_64-debian-clang 2.0.1 24.77 60.27 85.04 OK
r-devel-linux-x86_64-debian-gcc 2.0.1 19.06 43.96 63.02 OK
r-devel-linux-x86_64-fedora-clang 2.0.1 117.47 OK
r-devel-linux-x86_64-fedora-gcc 2.0.1 105.27 OK
r-devel-windows-ix86+x86_64 2.0.1 72.00 108.00 180.00 OK
r-patched-linux-x86_64 2.0.1 25.95 51.87 77.82 OK
r-patched-solaris-x86 2.0.1 160.70 OK
r-release-linux-x86_64 2.0.1 0.37 2.37 2.74 ERROR
r-release-windows-ix86+x86_64 2.0.1 49.00 89.00 138.00 OK
r-release-osx-x86_64 2.0.1 OK
r-oldrel-windows-ix86+x86_64 2.0.1 49.00 125.00 174.00 OK
r-oldrel-osx-x86_64 2.0.1 OK

Check Details

Version: 2.0.1
Check: whether package can be installed
Result: ERROR
    Installation failed.
Flavor: r-release-linux-x86_64