CRAN Package Check Results for Package simputation

Last updated on 2021-04-21 04:49:13 CEST.

Flavor Version Tinstall Tcheck Ttotal Status Flags
r-devel-linux-x86_64-debian-clang 0.2.6 4.42 43.03 47.45 OK
r-devel-linux-x86_64-debian-gcc 0.2.6 3.08 32.47 35.55 OK
r-devel-linux-x86_64-fedora-clang 0.2.6 65.42 OK
r-devel-linux-x86_64-fedora-gcc 0.2.6 63.02 OK
r-devel-windows-ix86+x86_64 0.2.6 11.00 60.00 71.00 OK
r-devel-windows-x86_64-gcc10-UCRT 0.2.6 OK
r-patched-linux-x86_64 0.2.6 4.18 40.03 44.21 WARN
r-patched-solaris-x86 0.2.6 81.80 OK
r-release-linux-x86_64 0.2.6 3.68 39.91 43.59 OK
r-release-macos-x86_64 0.2.6 OK
r-release-windows-ix86+x86_64 0.2.6 11.00 66.00 77.00 OK
r-oldrel-macos-x86_64 0.2.6 OK
r-oldrel-windows-ix86+x86_64 0.2.6 7.00 75.00 82.00 OK

Check Details

Version: 0.2.6
Check: whether package can be installed
Result: WARN
    Found the following significant warnings:
     Rd warning: /tmp/RtmpQHkxHF/R.INSTALL1ad6ca06844/simputation/man/impute_tree.Rd:38: file link ‘prune’ in package ‘rpart’ does not exist and so has been treated as a topic
Flavor: r-patched-linux-x86_64