CRAN Package Check Results for Package signmedian.test

Last updated on 2018-12-13 23:49:56 CET.

Flavor Version Tinstall Tcheck Ttotal Status Flags
r-devel-linux-x86_64-debian-clang 1.5.1 0.94 16.54 17.48 NOTE
r-devel-linux-x86_64-debian-gcc 1.5.1 0.72 13.28 14.00 NOTE
r-devel-linux-x86_64-fedora-clang 1.5.1 20.67 NOTE
r-devel-linux-x86_64-fedora-gcc 1.5.1 19.75 NOTE
r-devel-windows-ix86+x86_64 1.5.1 4.00 26.00 30.00 NOTE
r-patched-linux-x86_64 1.5.1 0.89 15.30 16.19 NOTE
r-patched-solaris-x86 1.5.1 32.00 NOTE
r-release-linux-x86_64 1.5.1 0.89 15.70 16.59 NOTE
r-release-windows-ix86+x86_64 1.5.1 5.00 25.00 30.00 NOTE
r-release-osx-x86_64 1.5.1 NOTE
r-oldrel-windows-ix86+x86_64 1.5.1 2.00 34.00 36.00 NOTE
r-oldrel-osx-x86_64 1.5.1 NOTE

Check Details

Version: 1.5.1
Check: R code for possible problems
Result: NOTE
    signmedian.test: no visible global function definition for ‘median’
    signmedian.test: no visible global function definition for ‘binom.test’
    signmedian.test: no visible global function definition for ‘pbinom’
    signmedian.test: no visible global function definition for ‘pnorm’
    Undefined global functions or variables:
     binom.test median pbinom pnorm
    Consider adding
     importFrom("stats", "binom.test", "median", "pbinom", "pnorm")
    to your NAMESPACE file.
Flavors: r-devel-linux-x86_64-debian-clang, r-devel-linux-x86_64-debian-gcc, r-devel-linux-x86_64-fedora-clang, r-devel-linux-x86_64-fedora-gcc, r-devel-windows-ix86+x86_64, r-patched-linux-x86_64, r-patched-solaris-x86, r-release-linux-x86_64, r-release-windows-ix86+x86_64, r-release-osx-x86_64, r-oldrel-windows-ix86+x86_64, r-oldrel-osx-x86_64