CRAN Package Check Results for Package seqminer

Last updated on 2020-05-30 19:47:22 CEST.

Flavor Version Tinstall Tcheck Ttotal Status Flags
r-devel-linux-x86_64-debian-clang 8.0 207.35 32.16 239.51 NOTE
r-devel-linux-x86_64-debian-gcc 8.0 152.38 25.89 178.27 NOTE
r-devel-linux-x86_64-fedora-clang 8.0 365.44 NOTE
r-devel-linux-x86_64-fedora-gcc 8.0 285.41 NOTE
r-devel-windows-ix86+x86_64 8.0 571.00 120.00 691.00 NOTE
r-patched-linux-x86_64 8.0 154.43 32.03 186.46 NOTE
r-patched-solaris-x86 8.0 247.80 NOTE
r-release-linux-x86_64 8.0 156.80 29.56 186.36 NOTE
r-release-osx-x86_64 8.0 NOTE
r-release-windows-ix86+x86_64 8.0 453.00 106.00 559.00 NOTE
r-oldrel-osx-x86_64 8.0 WARN
r-oldrel-windows-ix86+x86_64 8.0 592.00 87.00 679.00 NOTE

Additional issues

rchk

Check Details

Version: 8.0
Check: for GNU extensions in Makefiles
Result: NOTE
    GNU make is a SystemRequirements.
Flavors: r-devel-linux-x86_64-debian-clang, r-devel-linux-x86_64-debian-gcc, r-devel-linux-x86_64-fedora-clang, r-devel-linux-x86_64-fedora-gcc, r-devel-windows-ix86+x86_64, r-patched-linux-x86_64, r-patched-solaris-x86, r-release-linux-x86_64, r-release-osx-x86_64, r-release-windows-ix86+x86_64, r-oldrel-osx-x86_64, r-oldrel-windows-ix86+x86_64

Version: 8.0
Check: installed package size
Result: NOTE
     installed size is 23.2Mb
     sub-directories of 1Mb or more:
     libs 21.8Mb
Flavors: r-devel-linux-x86_64-fedora-clang, r-devel-windows-ix86+x86_64, r-release-osx-x86_64, r-release-windows-ix86+x86_64, r-oldrel-osx-x86_64, r-oldrel-windows-ix86+x86_64

Version: 8.0
Check: for executable files
Result: WARN
    Found the following executable files:
     inst/vcf/all.anno.filtered.extract.headerFixed.bcf.gz.scIdx
     inst/vcf/all.anno.filtered.extract.vcf.gz.scIdx
    Source packages should not contain undeclared executable files.
    See section ‘Package structure’ in the ‘Writing R Extensions’ manual.
Flavor: r-oldrel-osx-x86_64