CRAN Package Check Results for Package seqHMM

Last updated on 2019-06-18 07:49:15 CEST.

Flavor Version Tinstall Tcheck Ttotal Status Flags
r-devel-linux-x86_64-debian-clang 1.0.12 352.90 405.62 758.52 OK
r-devel-linux-x86_64-debian-gcc 1.0.12 289.47 304.27 593.74 OK
r-devel-linux-x86_64-fedora-clang 1.0.13 942.68 NOTE
r-devel-linux-x86_64-fedora-gcc 1.0.13 871.24 OK
r-devel-windows-ix86+x86_64 1.0.12 996.00 686.00 1682.00 NOTE
r-patched-linux-x86_64 1.0.12 324.58 404.76 729.34 OK
r-patched-solaris-x86 1.0.13 1080.90 NOTE
r-release-linux-x86_64 1.0.12 342.10 406.45 748.55 OK
r-release-windows-ix86+x86_64 1.0.12 797.00 720.00 1517.00 NOTE
r-release-osx-x86_64 1.0.12 FAIL
r-oldrel-windows-ix86+x86_64 1.0.12 739.00 665.00 1404.00 NOTE
r-oldrel-osx-x86_64 1.0.12 NOTE

Check Details

Version: 1.0.13
Check: installed package size
Result: NOTE
     installed size is 19.2Mb
     sub-directories of 1Mb or more:
     doc 6.1Mb
     libs 12.3Mb
Flavors: r-devel-linux-x86_64-fedora-clang, r-patched-solaris-x86

Version: 1.0.12
Check: installed package size
Result: NOTE
     installed size is 9.8Mb
     sub-directories of 1Mb or more:
     doc 6.1Mb
     libs 2.9Mb
Flavors: r-devel-windows-ix86+x86_64, r-release-windows-ix86+x86_64, r-release-osx-x86_64, r-oldrel-windows-ix86+x86_64, r-oldrel-osx-x86_64

Version: 1.0.12
Check: re-building of vignette outputs
Result: FAIL
    
Flavor: r-release-osx-x86_64