CRAN Package Check Results for Package seqHMM

Last updated on 2019-09-22 19:51:31 CEST.

Flavor Version Tinstall Tcheck Ttotal Status Flags
r-devel-linux-x86_64-debian-clang 1.0.13 369.55 410.35 779.90 OK
r-devel-linux-x86_64-debian-gcc 1.0.13 303.36 305.34 608.70 OK
r-devel-linux-x86_64-fedora-clang 1.0.13 1152.03 NOTE
r-devel-linux-x86_64-fedora-gcc 1.0.13 1061.66 OK
r-devel-windows-ix86+x86_64 1.0.13 1027.00 683.00 1710.00 NOTE
r-patched-linux-x86_64 1.0.13 329.08 408.97 738.05 OK
r-patched-solaris-x86 1.0.13 1186.10 NOTE
r-release-linux-x86_64 1.0.13 319.31 406.32 725.63 OK
r-release-windows-ix86+x86_64 1.0.13 1099.00 680.00 1779.00 NOTE
r-release-osx-x86_64 1.0.13 NOTE
r-oldrel-windows-ix86+x86_64 1.0.13 732.00 527.00 1259.00 NOTE
r-oldrel-osx-x86_64 1.0.13 NOTE

Check Details

Version: 1.0.13
Check: installed package size
Result: NOTE
     installed size is 20.2Mb
     sub-directories of 1Mb or more:
     doc 6.1Mb
     libs 13.2Mb
Flavors: r-devel-linux-x86_64-fedora-clang, r-devel-windows-ix86+x86_64, r-patched-solaris-x86, r-release-windows-ix86+x86_64, r-release-osx-x86_64, r-oldrel-windows-ix86+x86_64, r-oldrel-osx-x86_64