Last updated on 2025-01-21 19:49:42 CET.
Flavor | Version | Tinstall | Tcheck | Ttotal | Status | Flags |
---|---|---|---|---|---|---|
r-devel-linux-x86_64-debian-clang | 1.6.2 | 59.84 | 400.82 | 460.66 | OK | |
r-devel-linux-x86_64-debian-gcc | 1.6.2 | 39.78 | 289.06 | 328.84 | OK | |
r-devel-linux-x86_64-fedora-clang | 1.6.2 | 758.45 | OK | |||
r-devel-linux-x86_64-fedora-gcc | 1.6.2 | 727.69 | OK | |||
r-devel-windows-x86_64 | 1.6.2 | 53.00 | 328.00 | 381.00 | OK | |
r-patched-linux-x86_64 | 1.6.2 | 52.12 | 367.41 | 419.53 | OK | |
r-release-linux-x86_64 | 1.6.2 | 53.69 | 366.08 | 419.77 | OK | |
r-release-macos-arm64 | 1.6.2 | 189.00 | OK | |||
r-release-macos-x86_64 | 1.6.2 | 279.00 | OK | |||
r-release-windows-x86_64 | 1.6.2 | 51.00 | 329.00 | 380.00 | OK | |
r-oldrel-macos-arm64 | 1.6.2 | 11.00 | ERROR | |||
r-oldrel-macos-x86_64 | 1.6.2 | 11.00 | ERROR | |||
r-oldrel-windows-x86_64 | 1.6.2 | 76.00 | 444.00 | 520.00 | OK |
Version: 1.6.2
Check: package dependencies
Result: ERROR
Package required and available but unsuitable version: ‘UCell’
See section ‘The DESCRIPTION file’ in the ‘Writing R Extensions’
manual.
Flavors: r-oldrel-macos-arm64, r-oldrel-macos-x86_64