Last updated on 2025-01-24 07:49:30 CET.
Flavor | Version | Tinstall | Tcheck | Ttotal | Status | Flags |
---|---|---|---|---|---|---|
r-devel-linux-x86_64-debian-clang | 0.1.0 | 53.25 | 123.49 | 176.74 | NOTE | |
r-devel-linux-x86_64-debian-gcc | 0.1.0 | 37.90 | 84.08 | 121.98 | NOTE | |
r-devel-linux-x86_64-fedora-clang | 0.1.0 | 317.88 | NOTE | |||
r-devel-linux-x86_64-fedora-gcc | 0.1.0 | 326.32 | NOTE | |||
r-devel-windows-x86_64 | 0.1.0 | 58.00 | 154.00 | 212.00 | NOTE | |
r-patched-linux-x86_64 | 0.1.0 | 52.19 | 120.54 | 172.73 | NOTE | |
r-release-linux-x86_64 | 0.1.0 | 53.16 | 118.48 | 171.64 | NOTE | |
r-release-macos-arm64 | 0.1.0 | 82.00 | NOTE | |||
r-release-macos-x86_64 | 0.1.0 | 115.00 | NOTE | |||
r-release-windows-x86_64 | 0.1.0 | 59.00 | 147.00 | 206.00 | NOTE | |
r-oldrel-macos-arm64 | 0.1.0 | 85.00 | NOTE | |||
r-oldrel-macos-x86_64 | 0.1.0 | 156.00 | NOTE | |||
r-oldrel-windows-x86_64 | 0.1.0 | 69.00 | 190.00 | 259.00 | NOTE |
Version: 0.1.0
Check: C++ specification
Result: NOTE
Specified C++11: please drop specification unless essential
Flavors: r-devel-linux-x86_64-debian-clang, r-devel-linux-x86_64-debian-gcc, r-devel-linux-x86_64-fedora-clang, r-devel-linux-x86_64-fedora-gcc, r-devel-windows-x86_64, r-patched-linux-x86_64, r-release-linux-x86_64, r-release-macos-arm64, r-release-macos-x86_64, r-release-windows-x86_64, r-oldrel-macos-arm64, r-oldrel-macos-x86_64, r-oldrel-windows-x86_64
Version: 0.1.0
Check: Rd files
Result: NOTE
checkRd: (-1) ModelHMMR-class.Rd:37: Lost braces; missing escapes or markup?
37 | class {StatHMMR}).
| ^
Flavors: r-devel-linux-x86_64-debian-clang, r-devel-linux-x86_64-debian-gcc, r-devel-linux-x86_64-fedora-clang, r-devel-linux-x86_64-fedora-gcc, r-devel-windows-x86_64, r-patched-linux-x86_64, r-release-linux-x86_64, r-release-macos-arm64, r-release-macos-x86_64, r-release-windows-x86_64
Version: 0.1.0
Check: installed package size
Result: NOTE
installed size is 10.0Mb
sub-directories of 1Mb or more:
doc 2.3Mb
help 3.4Mb
libs 3.8Mb
Flavors: r-release-macos-arm64, r-release-macos-x86_64, r-release-windows-x86_64, r-oldrel-macos-arm64, r-oldrel-macos-x86_64, r-oldrel-windows-x86_64