CRAN Package Check Results for Package rtemps

Last updated on 2025-01-16 19:48:36 CET.

Flavor Version Tinstall Tcheck Ttotal Status Flags
r-devel-linux-x86_64-debian-clang 0.8.0 1.68 17.95 19.63 OK
r-devel-linux-x86_64-debian-gcc 0.8.0 1.47 14.24 15.71 OK
r-devel-linux-x86_64-fedora-clang 0.8.0 31.79 OK
r-devel-linux-x86_64-fedora-gcc 0.8.0 30.39 OK
r-devel-windows-x86_64 0.8.0 6.00 46.00 52.00 OK
r-patched-linux-x86_64 0.8.0 1.80 17.35 19.15 NOTE
r-release-linux-x86_64 0.8.0 1.62 17.36 18.98 NOTE
r-release-macos-arm64 0.8.0 15.00 NOTE
r-release-macos-x86_64 0.8.0 23.00 NOTE
r-release-windows-x86_64 0.8.0 4.00 46.00 50.00 NOTE
r-oldrel-macos-arm64 0.8.0 15.00 NOTE
r-oldrel-macos-x86_64 0.8.0 21.00 NOTE
r-oldrel-windows-x86_64 0.8.0 4.00 43.00 47.00 NOTE

Check Details

Version: 0.8.0
Check: LazyData
Result: NOTE 'LazyData' is specified without a 'data' directory Flavors: r-patched-linux-x86_64, r-release-linux-x86_64, r-release-macos-arm64, r-release-macos-x86_64, r-release-windows-x86_64, r-oldrel-macos-arm64, r-oldrel-macos-x86_64, r-oldrel-windows-x86_64