CRAN Package Check Results for Package rslp

Last updated on 2025-01-16 19:48:36 CET.

Flavor Version Tinstall Tcheck Ttotal Status Flags
r-devel-linux-x86_64-debian-clang 0.2.0 1.83 24.25 26.08 OK
r-devel-linux-x86_64-debian-gcc 0.2.0 1.52 19.94 21.46 OK
r-devel-linux-x86_64-fedora-clang 0.2.0 42.58 OK
r-devel-linux-x86_64-fedora-gcc 0.2.0 41.60 OK
r-devel-windows-x86_64 0.2.0 3.00 48.00 51.00 OK
r-patched-linux-x86_64 0.2.0 1.66 23.55 25.21 NOTE
r-release-linux-x86_64 0.2.0 1.54 23.32 24.86 NOTE
r-release-macos-arm64 0.2.0 18.00 NOTE
r-release-macos-x86_64 0.2.0 24.00 NOTE
r-release-windows-x86_64 0.2.0 3.00 46.00 49.00 NOTE
r-oldrel-macos-arm64 0.2.0 19.00 NOTE
r-oldrel-macos-x86_64 0.2.0 23.00 NOTE
r-oldrel-windows-x86_64 0.2.0 3.00 54.00 57.00 NOTE

Check Details

Version: 0.2.0
Check: LazyData
Result: NOTE 'LazyData' is specified without a 'data' directory Flavors: r-patched-linux-x86_64, r-release-linux-x86_64, r-release-macos-arm64, r-release-macos-x86_64, r-release-windows-x86_64, r-oldrel-macos-arm64, r-oldrel-macos-x86_64, r-oldrel-windows-x86_64