CRAN Package Check Results for Package rsem

Last updated on 2019-06-17 07:49:09 CEST.

Flavor Version Tinstall Tcheck Ttotal Status Flags
r-devel-linux-x86_64-debian-clang 0.4.6 4.77 41.65 46.42 NOTE
r-devel-linux-x86_64-debian-gcc 0.4.6 4.09 32.62 36.71 NOTE
r-devel-linux-x86_64-fedora-clang 0.4.6 55.48 NOTE
r-devel-linux-x86_64-fedora-gcc 0.4.6 53.98 NOTE
r-devel-windows-ix86+x86_64 0.4.6 17.00 50.00 67.00 NOTE
r-patched-linux-x86_64 0.4.6 4.85 41.36 46.21 NOTE
r-patched-solaris-x86 0.4.6 80.80 NOTE
r-release-linux-x86_64 0.4.6 4.98 41.19 46.17 NOTE
r-release-windows-ix86+x86_64 0.4.6 11.00 68.00 79.00 NOTE
r-release-osx-x86_64 0.4.6 NOTE
r-oldrel-windows-ix86+x86_64 0.4.6 7.00 68.00 75.00 NOTE
r-oldrel-osx-x86_64 0.4.6 NOTE

Check Details

Version: 0.4.6
Check: R code for possible problems
Result: NOTE
    rsem: no visible global function definition for 'write.table'
    rsem.Ascov: no visible global function definition for 'qchisq'
    rsem.Ascov: no visible global function definition for 'pchisq'
    rsem.emmusig: no visible global function definition for 'na.omit'
    rsem.emmusig: no visible global function definition for 'qchisq'
    rsem.emmusig: no visible global function definition for 'pchisq'
    rsem.fit: no visible global function definition for 'pchisq'
    rsem.fit: no visible global function definition for 'pf'
    rsem.print : print.estimate: no visible global function definition for
     'pnorm'
    rsem.weight: no visible global function definition for 'qchisq'
    rsem.weight: no visible global function definition for 'pchisq'
    semdiag.call.eqs: no visible global function definition for
     'write.table'
    semdiag.read.eqs: no visible global function definition for 'read.fwf'
    Undefined global functions or variables:
     na.omit pchisq pf pnorm qchisq read.fwf write.table
    Consider adding
     importFrom("stats", "na.omit", "pchisq", "pf", "pnorm", "qchisq")
     importFrom("utils", "read.fwf", "write.table")
    to your NAMESPACE file.
Flavors: r-devel-linux-x86_64-debian-clang, r-devel-linux-x86_64-debian-gcc, r-devel-linux-x86_64-fedora-clang, r-devel-linux-x86_64-fedora-gcc, r-devel-windows-ix86+x86_64, r-patched-linux-x86_64, r-patched-solaris-x86, r-release-linux-x86_64, r-release-windows-ix86+x86_64, r-release-osx-x86_64, r-oldrel-windows-ix86+x86_64, r-oldrel-osx-x86_64