CRAN Package Check Results for Package rsatscan

Last updated on 2021-04-21 04:49:12 CEST.

Flavor Version Tinstall Tcheck Ttotal Status Flags
r-devel-linux-x86_64-debian-clang 0.3.9200 2.36 28.06 30.42 NOTE
r-devel-linux-x86_64-debian-gcc 0.3.9200 1.97 21.70 23.67 NOTE
r-devel-linux-x86_64-fedora-clang 0.3.9200 46.27 NOTE
r-devel-linux-x86_64-fedora-gcc 0.3.9200 38.24 NOTE
r-devel-windows-ix86+x86_64 0.3.9200 7.00 33.00 40.00 NOTE
r-devel-windows-x86_64-gcc10-UCRT 0.3.9200 NOTE
r-patched-linux-x86_64 0.3.9200 2.41 26.76 29.17 NOTE
r-patched-solaris-x86 0.3.9200 58.40 NOTE
r-release-linux-x86_64 0.3.9200 2.40 26.95 29.35 NOTE
r-release-macos-x86_64 0.3.9200 NOTE
r-release-windows-ix86+x86_64 0.3.9200 5.00 37.00 42.00 NOTE
r-oldrel-macos-x86_64 0.3.9200 NOTE
r-oldrel-windows-ix86+x86_64 0.3.9200 4.00 44.00 48.00 NOTE

Check Details

Version: 0.3.9200
Check: R code for possible problems
Result: NOTE
    stripslash: no visible global function definition for 'tail'
    Undefined global functions or variables:
     tail
    Consider adding
     importFrom("utils", "tail")
    to your NAMESPACE file.
Flavors: r-devel-linux-x86_64-debian-clang, r-devel-linux-x86_64-debian-gcc, r-devel-linux-x86_64-fedora-clang, r-devel-linux-x86_64-fedora-gcc, r-devel-windows-ix86+x86_64, r-devel-windows-x86_64-gcc10-UCRT, r-patched-linux-x86_64, r-patched-solaris-x86, r-release-linux-x86_64, r-release-macos-x86_64, r-release-windows-ix86+x86_64, r-oldrel-macos-x86_64, r-oldrel-windows-ix86+x86_64