CRAN Package Check Results for Package rrscale

Last updated on 2019-09-22 07:48:26 CEST.

Flavor Version Tinstall Tcheck Ttotal Status Flags
r-devel-linux-x86_64-debian-clang 0.1.3 2.71 32.32 35.03 NOTE
r-devel-linux-x86_64-debian-gcc 0.1.3 2.27 25.41 27.68 NOTE
r-devel-linux-x86_64-fedora-clang 0.1.3 41.40 NOTE
r-devel-linux-x86_64-fedora-gcc 0.1.3 41.99 NOTE
r-devel-windows-ix86+x86_64 0.1.3 12.00 46.00 58.00 NOTE
r-patched-linux-x86_64 0.1.3 2.54 31.45 33.99 OK
r-patched-solaris-x86 0.1.3 61.10 NOTE
r-release-linux-x86_64 0.1.3 2.44 31.66 34.10 OK
r-release-windows-ix86+x86_64 0.1.3 6.00 43.00 49.00 OK
r-release-osx-x86_64 0.1.3 NOTE
r-oldrel-windows-ix86+x86_64 0.1.3 3.00 46.00 49.00 OK
r-oldrel-osx-x86_64 0.1.3 NOTE

Check Details

Version: 0.1.3
Check: package vignettes
Result: NOTE
    Package vignette with placeholder title 'Vignette Title':
     'rescaling_data.Rmd'
Flavors: r-devel-linux-x86_64-debian-clang, r-devel-linux-x86_64-debian-gcc, r-devel-windows-ix86+x86_64

Version: 0.1.3
Check: dependencies in R code
Result: NOTE
    Namespace in Imports field not imported from: ‘abind’
     All declared Imports should be used.
Flavors: r-devel-linux-x86_64-fedora-clang, r-devel-linux-x86_64-fedora-gcc, r-patched-solaris-x86, r-release-osx-x86_64, r-oldrel-osx-x86_64