CRAN Package Check Results for Package rrscale

Last updated on 2019-06-19 19:46:53 CEST.

Flavor Version Tinstall Tcheck Ttotal Status Flags
r-devel-linux-x86_64-debian-clang 0.1.3 2.50 32.61 35.11 OK
r-devel-linux-x86_64-debian-gcc 0.1.3 1.85 26.03 27.88 NOTE
r-devel-linux-x86_64-fedora-clang 0.1.3 41.87 NOTE
r-devel-linux-x86_64-fedora-gcc 0.1.3 39.46 NOTE
r-devel-windows-ix86+x86_64 0.1.3 8.00 66.00 74.00 OK
r-patched-linux-x86_64 0.1.3 2.62 32.34 34.96 OK
r-patched-solaris-x86 0.1.3 64.80 NOTE
r-release-linux-x86_64 0.1.3 2.23 33.32 35.55 OK
r-release-windows-ix86+x86_64 0.1.3 7.00 58.00 65.00 OK
r-release-osx-x86_64 0.1.3 NOTE
r-oldrel-windows-ix86+x86_64 0.1.3 4.00 61.00 65.00 OK
r-oldrel-osx-x86_64 0.1.3 NOTE

Check Details

Version: 0.1.3
Check: package vignettes
Result: NOTE
    Package vignette with placeholder title ‘Vignette Title’:
     ‘rescaling_data.Rmd’
Flavor: r-devel-linux-x86_64-debian-gcc

Version: 0.1.3
Check: dependencies in R code
Result: NOTE
    Namespace in Imports field not imported from: ‘abind’
     All declared Imports should be used.
Flavors: r-devel-linux-x86_64-fedora-clang, r-devel-linux-x86_64-fedora-gcc, r-patched-solaris-x86, r-release-osx-x86_64, r-oldrel-osx-x86_64