CRAN Package Check Results for Package rmgarch

Last updated on 2019-09-24 07:48:45 CEST.

Flavor Version Tinstall Tcheck Ttotal Status Flags
r-devel-linux-x86_64-debian-clang 1.3-7 134.74 215.34 350.08 OK
r-devel-linux-x86_64-debian-gcc 1.3-7 103.71 164.40 268.11 OK
r-devel-linux-x86_64-fedora-clang 1.3-7 460.86 NOTE
r-devel-linux-x86_64-fedora-gcc 1.3-7 439.28 OK
r-devel-windows-ix86+x86_64 1.3-7 276.00 341.00 617.00 NOTE
r-patched-linux-x86_64 1.3-7 122.50 211.77 334.27 OK
r-patched-solaris-x86 1.3-7 487.90 OK
r-release-linux-x86_64 1.3-7 119.40 215.12 334.52 OK
r-release-windows-ix86+x86_64 1.3-7 286.00 342.00 628.00 NOTE
r-release-osx-x86_64 1.3-7 NOTE
r-oldrel-windows-ix86+x86_64 1.3-7 179.00 255.00 434.00 NOTE
r-oldrel-osx-x86_64 1.3-7 NOTE

Check Details

Version: 1.3-7
Check: installed package size
Result: NOTE
     installed size is 9.3Mb
     sub-directories of 1Mb or more:
     R 2.1Mb
     libs 6.3Mb
Flavors: r-devel-linux-x86_64-fedora-clang, r-devel-windows-ix86+x86_64, r-release-windows-ix86+x86_64, r-release-osx-x86_64, r-oldrel-windows-ix86+x86_64, r-oldrel-osx-x86_64