CRAN Package Check Results for Package rmgarch

Last updated on 2019-06-26 07:49:27 CEST.

Flavor Version Tinstall Tcheck Ttotal Status Flags
r-devel-linux-x86_64-debian-clang 1.3-6 128.69 211.95 340.64 OK
r-devel-linux-x86_64-debian-gcc 1.3-6 99.44 165.66 265.10 OK
r-devel-linux-x86_64-fedora-clang 1.3-6 447.60 NOTE
r-devel-linux-x86_64-fedora-gcc 1.3-6 413.86 OK
r-devel-windows-ix86+x86_64 1.3-6 292.00 259.00 551.00 NOTE
r-patched-linux-x86_64 1.3-6 125.20 215.06 340.26 OK
r-patched-solaris-x86 1.3-6 504.60 OK
r-release-linux-x86_64 1.3-6 123.64 214.60 338.24 OK
r-release-windows-ix86+x86_64 1.3-6 212.00 333.00 545.00 NOTE
r-release-osx-x86_64 1.3-6 NOTE
r-oldrel-windows-ix86+x86_64 1.3-6 182.00 239.00 421.00 NOTE
r-oldrel-osx-x86_64 1.3-6 NOTE

Check Details

Version: 1.3-6
Check: installed package size
Result: NOTE
     installed size is 8.7Mb
     sub-directories of 1Mb or more:
     R 2.0Mb
     libs 5.7Mb
Flavors: r-devel-linux-x86_64-fedora-clang, r-devel-windows-ix86+x86_64, r-release-windows-ix86+x86_64, r-release-osx-x86_64, r-oldrel-windows-ix86+x86_64, r-oldrel-osx-x86_64