CRAN Package Check Results for Package rkvo

Last updated on 2019-08-18 19:52:09 CEST.

Flavor Version Tinstall Tcheck Ttotal Status Flags
r-devel-linux-x86_64-debian-clang 0.1 15.27 20.80 36.07 OK
r-devel-linux-x86_64-debian-gcc 0.1 11.25 17.25 28.50 OK
r-devel-linux-x86_64-fedora-clang 0.1 54.84 NOTE
r-devel-linux-x86_64-fedora-gcc 0.1 46.07 NOTE
r-devel-windows-ix86+x86_64 0.1 53.00 58.00 111.00 OK
r-patched-linux-x86_64 0.1 12.75 20.87 33.62 OK
r-patched-solaris-x86 0.1 62.60 OK
r-release-linux-x86_64 0.1 13.34 20.82 34.16 OK
r-release-windows-ix86+x86_64 0.1 30.00 55.00 85.00 OK
r-release-osx-x86_64 0.1 OK
r-oldrel-windows-ix86+x86_64 0.1 46.00 65.00 111.00 OK
r-oldrel-osx-x86_64 0.1 OK

Check Details

Version: 0.1
Check: compiled code
Result: NOTE
    File ‘rkvo/libs/rkvo.so’:
     Found no calls to: ‘R_registerRoutines’, ‘R_useDynamicSymbols’
    
    It is good practice to register native routines and to disable symbol
    search.
    
    See ‘Writing portable packages’ in the ‘Writing R Extensions’ manual.
Flavors: r-devel-linux-x86_64-fedora-clang, r-devel-linux-x86_64-fedora-gcc