CRAN Package Check Results for Package rkvo

Last updated on 2020-07-04 19:47:45 CEST.

Flavor Version Tinstall Tcheck Ttotal Status Flags
r-devel-linux-x86_64-debian-clang 0.1 18.80 22.36 41.16 OK
r-devel-linux-x86_64-debian-gcc 0.1 14.82 18.29 33.11 OK
r-devel-linux-x86_64-fedora-clang 0.1 64.13 NOTE
r-devel-linux-x86_64-fedora-gcc 0.1 50.97 NOTE
r-devel-windows-ix86+x86_64 0.1 44.00 57.00 101.00 OK
r-patched-linux-x86_64 0.1 14.18 22.25 36.43 OK
r-patched-solaris-x86 0.1 62.60 OK
r-release-linux-x86_64 0.1 14.18 22.56 36.74 OK
r-release-osx-x86_64 0.1 OK
r-release-windows-ix86+x86_64 0.1 36.00 58.00 94.00 OK
r-oldrel-osx-x86_64 0.1 OK
r-oldrel-windows-ix86+x86_64 0.1 41.00 68.00 109.00 OK

Check Details

Version: 0.1
Check: compiled code
Result: NOTE
    File ‘rkvo/libs/rkvo.so’:
     Found no calls to: ‘R_registerRoutines’, ‘R_useDynamicSymbols’
    
    It is good practice to register native routines and to disable symbol
    search.
    
    See ‘Writing portable packages’ in the ‘Writing R Extensions’ manual.
Flavors: r-devel-linux-x86_64-fedora-clang, r-devel-linux-x86_64-fedora-gcc