CRAN Package Check Results for Package rkvo

Last updated on 2019-06-17 07:49:07 CEST.

Flavor Version Tinstall Tcheck Ttotal Status Flags
r-devel-linux-x86_64-debian-clang 0.1 15.00 21.10 36.10 OK
r-devel-linux-x86_64-debian-gcc 0.1 11.90 17.21 29.11 OK
r-devel-linux-x86_64-fedora-clang 0.1 50.98 NOTE
r-devel-linux-x86_64-fedora-gcc 0.1 45.69 NOTE
r-devel-windows-ix86+x86_64 0.1 41.00 51.00 92.00 OK
r-patched-linux-x86_64 0.1 13.94 20.87 34.81 OK
r-patched-solaris-x86 0.1 60.70 OK
r-release-linux-x86_64 0.1 15.01 20.91 35.92 OK
r-release-windows-ix86+x86_64 0.1 29.00 75.00 104.00 OK
r-release-osx-x86_64 0.1 OK
r-oldrel-windows-ix86+x86_64 0.1 30.00 65.00 95.00 OK
r-oldrel-osx-x86_64 0.1 OK

Check Details

Version: 0.1
Check: compiled code
Result: NOTE
    File ‘rkvo/libs/rkvo.so’:
     Found no calls to: ‘R_registerRoutines’, ‘R_useDynamicSymbols’
    
    It is good practice to register native routines and to disable symbol
    search.
    
    See ‘Writing portable packages’ in the ‘Writing R Extensions’ manual.
Flavors: r-devel-linux-x86_64-fedora-clang, r-devel-linux-x86_64-fedora-gcc