CRAN Package Check Results for Package riskParityPortfolio

Last updated on 2019-07-19 19:46:55 CEST.

Flavor Version Tinstall Tcheck Ttotal Status Flags
r-devel-linux-x86_64-debian-clang 0.1.2 43.01 32.23 75.24 OK
r-devel-linux-x86_64-debian-gcc 0.1.2 38.35 27.16 65.51 OK
r-devel-linux-x86_64-fedora-clang 0.1.2 123.06 NOTE
r-devel-linux-x86_64-fedora-gcc 0.1.2 114.78 OK
r-devel-windows-ix86+x86_64 0.1.2 111.00 87.00 198.00 OK
r-patched-linux-x86_64 0.1.2 45.26 33.24 78.50 OK
r-patched-solaris-x86 0.1.2 111.30 OK
r-release-linux-x86_64 0.1.2 48.60 33.69 82.29 OK
r-release-windows-ix86+x86_64 0.1.2 80.00 61.00 141.00 OK
r-release-osx-x86_64 0.1.2 NOTE
r-oldrel-windows-ix86+x86_64 0.1.2 76.00 92.00 168.00 OK
r-oldrel-osx-x86_64 0.1.2 NOTE

Check Details

Version: 0.1.2
Check: installed package size
Result: NOTE
     installed size is 9.5Mb
     sub-directories of 1Mb or more:
     libs 8.6Mb
Flavors: r-devel-linux-x86_64-fedora-clang, r-release-osx-x86_64, r-oldrel-osx-x86_64