CRAN Package Check Results for Package rise

Last updated on 2019-06-16 19:52:28 CEST.

Flavor Version Tinstall Tcheck Ttotal Status Flags
r-devel-linux-x86_64-debian-clang 1.0.4 3.97 36.55 40.52 OK
r-devel-linux-x86_64-debian-gcc 1.0.4 3.26 28.89 32.15 OK
r-devel-linux-x86_64-fedora-clang 1.0.4 48.94 OK
r-devel-linux-x86_64-fedora-gcc 1.0.4 46.64 OK
r-devel-windows-ix86+x86_64 1.0.4 15.00 52.00 67.00 OK
r-patched-linux-x86_64 1.0.4 4.36 35.86 40.22 OK
r-patched-solaris-x86 1.0.4 77.10 OK
r-release-linux-x86_64 1.0.4 3.71 35.56 39.27 OK
r-release-windows-ix86+x86_64 1.0.4 10.00 85.00 95.00 OK
r-release-osx-x86_64 1.0.4 OK
r-oldrel-windows-ix86+x86_64 1.0.4 7.00 65.00 72.00 OK
r-oldrel-osx-x86_64 1.0.4 WARN

Check Details

Version: 1.0.4
Check: whether package can be installed
Result: WARN
    Found the following significant warnings:
     Warning: package ‘dplyr’ was built under R version 3.5.1
Flavor: r-oldrel-osx-x86_64