CRAN Package Check Results for Package rise

Last updated on 2019-08-18 07:49:01 CEST.

Flavor Version Tinstall Tcheck Ttotal Status Flags
r-devel-linux-x86_64-debian-clang 1.0.4 4.29 36.52 40.81 OK
r-devel-linux-x86_64-debian-gcc 1.0.4 3.47 29.11 32.58 OK
r-devel-linux-x86_64-fedora-clang 1.0.4 50.60 OK
r-devel-linux-x86_64-fedora-gcc 1.0.4 46.59 OK
r-devel-windows-ix86+x86_64 1.0.4 18.00 59.00 77.00 OK
r-patched-linux-x86_64 1.0.4 3.87 35.74 39.61 OK
r-patched-solaris-x86 1.0.4 76.80 OK
r-release-linux-x86_64 1.0.4 3.92 35.70 39.62 OK
r-release-windows-ix86+x86_64 1.0.4 10.00 51.00 61.00 OK
r-release-osx-x86_64 1.0.4 OK
r-oldrel-windows-ix86+x86_64 1.0.4 8.00 77.00 85.00 OK
r-oldrel-osx-x86_64 1.0.4 WARN

Check Details

Version: 1.0.4
Check: whether package can be installed
Result: WARN
    Found the following significant warnings:
     Warning: package ‘dplyr’ was built under R version 3.5.1
Flavor: r-oldrel-osx-x86_64