Last updated on 2025-01-24 07:49:28 CET.
Flavor | Version | Tinstall | Tcheck | Ttotal | Status | Flags |
---|---|---|---|---|---|---|
r-devel-linux-x86_64-debian-clang | 1.1.3 | 14.62 | 172.84 | 187.46 | NOTE | |
r-devel-linux-x86_64-debian-gcc | 1.1.3 | 10.15 | 106.61 | 116.76 | NOTE | |
r-devel-linux-x86_64-fedora-clang | 1.1.3 | 308.83 | NOTE | |||
r-devel-linux-x86_64-fedora-gcc | 1.1.3 | 297.94 | NOTE | |||
r-devel-windows-x86_64 | 1.1.3 | 14.00 | 155.00 | 169.00 | NOTE | |
r-patched-linux-x86_64 | 1.1.3 | 14.54 | 143.45 | 157.99 | NOTE | |
r-release-linux-x86_64 | 1.1.3 | 13.39 | 143.73 | 157.12 | NOTE | |
r-release-macos-arm64 | 1.1.3 | 72.00 | NOTE | |||
r-release-macos-x86_64 | 1.1.3 | 121.00 | NOTE | |||
r-release-windows-x86_64 | 1.1.3 | 14.00 | 147.00 | 161.00 | NOTE | |
r-oldrel-macos-arm64 | 1.1.3 | 84.00 | OK | |||
r-oldrel-macos-x86_64 | 1.1.3 | 135.00 | OK | |||
r-oldrel-windows-x86_64 | 1.1.3 | 20.00 | 186.00 | 206.00 | OK |
Version: 1.1.3
Check: Rd files
Result: NOTE
checkRd: (-1) method.A.Rd:200-205: Lost braces in \itemize; \value handles \item{}{} directly
checkRd: (-1) method.A.Rd:206-211: Lost braces in \itemize; \value handles \item{}{} directly
checkRd: (-1) method.A.Rd:231-236: Lost braces in \itemize; \value handles \item{}{} directly
checkRd: (-1) method.A.Rd:237-242: Lost braces in \itemize; \value handles \item{}{} directly
checkRd: (-1) method.B.Rd:201-206: Lost braces in \itemize; \value handles \item{}{} directly
checkRd: (-1) method.B.Rd:207-212: Lost braces in \itemize; \value handles \item{}{} directly
checkRd: (-1) method.B.Rd:232-237: Lost braces in \itemize; \value handles \item{}{} directly
checkRd: (-1) method.B.Rd:238-243: Lost braces in \itemize; \value handles \item{}{} directly
Flavors: r-devel-linux-x86_64-debian-clang, r-devel-linux-x86_64-debian-gcc, r-devel-linux-x86_64-fedora-clang, r-devel-linux-x86_64-fedora-gcc, r-devel-windows-x86_64, r-patched-linux-x86_64, r-release-linux-x86_64, r-release-macos-arm64, r-release-macos-x86_64, r-release-windows-x86_64