CRAN Package Check Results for Package regrrr

Last updated on 2019-07-20 19:47:04 CEST.

Flavor Version Tinstall Tcheck Ttotal Status Flags
r-devel-linux-x86_64-debian-clang 0.1.0 14.24 113.29 127.53 OK
r-devel-linux-x86_64-debian-gcc 0.1.0 12.67 87.42 100.09 OK
r-devel-linux-x86_64-fedora-clang 0.1.0 147.96 NOTE
r-devel-linux-x86_64-fedora-gcc 0.1.0 145.52 NOTE
r-devel-windows-ix86+x86_64 0.1.0 26.00 159.00 185.00 OK
r-patched-linux-x86_64 0.1.0 13.76 107.47 121.23 OK
r-patched-solaris-x86 0.1.0 236.00 NOTE
r-release-linux-x86_64 0.1.0 13.42 109.01 122.43 OK
r-release-windows-ix86+x86_64 0.1.0 25.00 112.00 137.00 OK
r-release-osx-x86_64 0.1.0 NOTE
r-oldrel-windows-ix86+x86_64 0.1.0 16.00 146.00 162.00 OK
r-oldrel-osx-x86_64 0.1.0 NOTE

Check Details

Version: 0.1.0
Check: dependencies in R code
Result: NOTE
    Namespaces in Imports field not imported from:
     ‘rlang’ ‘spatstat’
     All declared Imports should be used.
Flavors: r-devel-linux-x86_64-fedora-clang, r-devel-linux-x86_64-fedora-gcc, r-patched-solaris-x86, r-release-osx-x86_64, r-oldrel-osx-x86_64