CRAN Package Check Results for Package regrrr

Last updated on 2019-11-17 17:49:17 CET.

Flavor Version Tinstall Tcheck Ttotal Status Flags
r-devel-linux-x86_64-debian-clang 0.1.0 15.87 117.93 133.80 OK
r-devel-linux-x86_64-debian-gcc 0.1.0 12.91 87.44 100.35 OK
r-devel-linux-x86_64-fedora-clang 0.1.0 153.79 NOTE
r-devel-linux-x86_64-fedora-gcc 0.1.0 154.47 NOTE
r-devel-windows-ix86+x86_64 0.1.0 47.00 165.00 212.00 OK
r-patched-linux-x86_64 0.1.0 12.59 107.02 119.61 OK
r-patched-solaris-x86 0.1.0 224.80 NOTE
r-release-linux-x86_64 0.1.0 13.31 108.29 121.60 OK
r-release-windows-ix86+x86_64 0.1.0 23.00 155.00 178.00 OK
r-release-osx-x86_64 0.1.0 NOTE
r-oldrel-windows-ix86+x86_64 0.1.0 19.00 152.00 171.00 OK
r-oldrel-osx-x86_64 0.1.0 NOTE

Check Details

Version: 0.1.0
Check: dependencies in R code
Result: NOTE
    Namespaces in Imports field not imported from:
     ‘rlang’ ‘spatstat’
     All declared Imports should be used.
Flavors: r-devel-linux-x86_64-fedora-clang, r-devel-linux-x86_64-fedora-gcc, r-patched-solaris-x86, r-release-osx-x86_64, r-oldrel-osx-x86_64