CRAN Package Check Results for Package redist

Last updated on 2019-09-24 07:48:44 CEST.

Flavor Version Tinstall Tcheck Ttotal Status Flags
r-devel-linux-x86_64-debian-clang 1.3-3 108.71 79.18 187.89 OK
r-devel-linux-x86_64-debian-gcc 1.3-3 97.80 63.51 161.31 OK
r-devel-linux-x86_64-fedora-clang 1.3-3 277.75 NOTE
r-devel-linux-x86_64-fedora-gcc 1.3-3 277.14 OK
r-devel-windows-ix86+x86_64 1.3-3 298.00 170.00 468.00 OK
r-patched-linux-x86_64 1.3-3 104.28 77.63 181.91 OK
r-patched-solaris-x86 1.3-3 285.70 OK
r-release-linux-x86_64 1.3-3 101.12 79.02 180.14 OK
r-release-windows-ix86+x86_64 1.3-3 254.00 194.00 448.00 OK
r-release-osx-x86_64 1.3-3 NOTE
r-oldrel-windows-ix86+x86_64 1.3-3 204.00 117.00 321.00 OK
r-oldrel-osx-x86_64 1.3-3 NOTE

Check Details

Version: 1.3-3
Check: installed package size
Result: NOTE
     installed size is 7.2Mb
     sub-directories of 1Mb or more:
     data 1.7Mb
     libs 5.2Mb
Flavors: r-devel-linux-x86_64-fedora-clang, r-release-osx-x86_64, r-oldrel-osx-x86_64

Version: 1.3-3
Check: package dependencies
Result: NOTE
    Package suggested but not available for checking: ‘Rmpi’
Flavors: r-release-osx-x86_64, r-oldrel-osx-x86_64