CRAN Package Check Results for Package redist

Last updated on 2019-06-25 19:49:55 CEST.

Flavor Version Tinstall Tcheck Ttotal Status Flags
r-devel-linux-x86_64-debian-clang 1.3-3 108.49 78.69 187.18 OK
r-devel-linux-x86_64-debian-gcc 1.3-3 94.06 64.14 158.20 OK
r-devel-linux-x86_64-fedora-clang 1.3-3 273.26 NOTE
r-devel-linux-x86_64-fedora-gcc 1.3-3 252.13 OK
r-devel-windows-ix86+x86_64 1.3-3 275.00 137.00 412.00 OK
r-patched-linux-x86_64 1.3-3 106.97 79.22 186.19 OK
r-patched-solaris-x86 1.3-3 312.30 OK
r-release-linux-x86_64 1.3-3 108.21 80.19 188.40 OK
r-release-windows-ix86+x86_64 1.3-3 209.00 190.00 399.00 OK
r-release-osx-x86_64 1.3-3 NOTE
r-oldrel-windows-ix86+x86_64 1.3-3 191.00 130.00 321.00 OK
r-oldrel-osx-x86_64 1.3-3 NOTE

Check Details

Version: 1.3-3
Check: installed package size
Result: NOTE
     installed size is 6.5Mb
     sub-directories of 1Mb or more:
     data 1.7Mb
     libs 4.6Mb
Flavors: r-devel-linux-x86_64-fedora-clang, r-release-osx-x86_64, r-oldrel-osx-x86_64

Version: 1.3-3
Check: package dependencies
Result: NOTE
    Package suggested but not available for checking: ‘Rmpi’
Flavors: r-release-osx-x86_64, r-oldrel-osx-x86_64