CRAN Package Check Results for Package rcss

Last updated on 2019-06-26 07:49:26 CEST.

Flavor Version Tinstall Tcheck Ttotal Status Flags
r-devel-linux-x86_64-debian-clang 1.8 213.01 31.27 244.28 OK
r-devel-linux-x86_64-debian-gcc 1.8 184.15 25.27 209.42 OK
r-devel-linux-x86_64-fedora-clang 1.8 413.15 NOTE
r-devel-linux-x86_64-fedora-gcc 1.8 372.12 OK
r-devel-windows-ix86+x86_64 1.8 544.00 72.00 616.00 OK
r-patched-linux-x86_64 1.8 219.42 31.10 250.52 OK
r-patched-solaris-x86 1.8 317.10 OK
r-release-linux-x86_64 1.8 215.86 30.93 246.79 OK
r-release-windows-ix86+x86_64 1.8 411.00 92.00 503.00 OK
r-release-osx-x86_64 1.8 NOTE
r-oldrel-windows-ix86+x86_64 1.8 373.00 72.00 445.00 OK
r-oldrel-osx-x86_64 1.8 NOTE

Check Details

Version: 1.8
Check: installed package size
Result: NOTE
     installed size is 9.0Mb
     sub-directories of 1Mb or more:
     libs 8.8Mb
Flavors: r-devel-linux-x86_64-fedora-clang, r-release-osx-x86_64, r-oldrel-osx-x86_64