CRAN Package Check Results for Package rbacon

Last updated on 2019-06-19 19:46:50 CEST.

Flavor Version Tinstall Tcheck Ttotal Status Flags
r-devel-linux-x86_64-debian-clang 2.3.8 50.95 61.27 112.22 NOTE
r-devel-linux-x86_64-debian-gcc 2.3.8 38.35 47.87 86.22 NOTE
r-devel-linux-x86_64-fedora-clang 2.3.8 159.99 NOTE
r-devel-linux-x86_64-fedora-gcc 2.3.8 142.36 NOTE
r-devel-windows-ix86+x86_64 2.3.8 140.00 142.00 282.00 OK
r-patched-linux-x86_64 2.3.8 50.38 61.20 111.58 OK
r-patched-solaris-x86 2.3.8 169.60 OK
r-release-linux-x86_64 2.3.8 46.86 61.85 108.71 OK
r-release-windows-ix86+x86_64 2.3.8 140.00 149.00 289.00 OK
r-release-osx-x86_64 2.3.8 OK
r-oldrel-windows-ix86+x86_64 2.3.8 93.00 149.00 242.00 OK
r-oldrel-osx-x86_64 2.3.8 OK

Check Details

Version: 2.3.8
Check: for non-standard things in the check directory
Result: NOTE
    Found the following files/directories:
     'mixed.14C'
Flavors: r-devel-linux-x86_64-debian-clang, r-devel-linux-x86_64-debian-gcc, r-devel-linux-x86_64-fedora-clang, r-devel-linux-x86_64-fedora-gcc