CRAN Package Check Results for Package raster

Last updated on 2019-06-17 07:49:06 CEST.

Flavor Version Tinstall Tcheck Ttotal Status Flags
r-devel-linux-x86_64-debian-clang 2.9-5 133.24 249.52 382.76 NOTE
r-devel-linux-x86_64-debian-gcc 2.9-5 101.84 193.21 295.05 NOTE
r-devel-linux-x86_64-fedora-clang 2.9-5 493.13 NOTE
r-devel-linux-x86_64-fedora-gcc 2.9-5 456.40 NOTE
r-devel-windows-ix86+x86_64 2.9-5 364.00 364.00 728.00 NOTE
r-patched-linux-x86_64 2.9-5 120.77 250.49 371.26 OK
r-patched-solaris-x86 2.9-5 537.70 OK
r-release-linux-x86_64 2.9-5 126.47 252.56 379.03 OK
r-release-windows-ix86+x86_64 2.9-5 253.00 477.00 730.00 NOTE
r-release-osx-x86_64 2.9-5 NOTE
r-oldrel-windows-ix86+x86_64 2.9-5 245.00 420.00 665.00 NOTE
r-oldrel-osx-x86_64 2.9-5 NOTE

Additional issues

LTO

Check Details

Version: 2.9-5
Check: for non-standard things in the check directory
Result: NOTE
    Found the following files/directories:
     'allint.grd' 'allint.gri' 'export.grd' 'export.gri' 'export.hdr'
     'export.stx' 'multi.grd' 'multi.gri' 'multi.tif' 'mystack'
     'netCDF.nc' 'new.grd' 'new.gri' 'test.grd' 'test.gri' 'test.tif'
     'test2.tif'
Flavors: r-devel-linux-x86_64-debian-clang, r-devel-linux-x86_64-debian-gcc, r-devel-linux-x86_64-fedora-clang, r-devel-linux-x86_64-fedora-gcc

Version: 2.9-5
Check: installed package size
Result: NOTE
     installed size is 9.5Mb
     sub-directories of 1Mb or more:
     R 2.5Mb
     libs 5.6Mb
Flavors: r-devel-linux-x86_64-fedora-clang, r-devel-windows-ix86+x86_64, r-release-windows-ix86+x86_64, r-release-osx-x86_64, r-oldrel-windows-ix86+x86_64, r-oldrel-osx-x86_64