CRAN Package Check Results for Package ragt2ridges

Last updated on 2019-06-18 07:49:11 CEST.

Flavor Version Tinstall Tcheck Ttotal Status Flags
r-devel-linux-x86_64-debian-clang 0.3.2 75.61 154.24 229.85 OK
r-devel-linux-x86_64-debian-gcc 0.3.2 58.10 120.35 178.45 OK
r-devel-linux-x86_64-fedora-clang 0.3.2 289.57 NOTE
r-devel-linux-x86_64-fedora-gcc 0.3.2 264.37 OK
r-devel-windows-ix86+x86_64 0.3.2 164.00 348.00 512.00 OK
r-patched-linux-x86_64 0.3.2 65.89 152.18 218.07 OK
r-patched-solaris-x86 0.3.2 358.00 OK
r-release-linux-x86_64 0.3.2 62.98 150.45 213.43 OK
r-release-windows-ix86+x86_64 0.3.2 127.00 385.00 512.00 OK
r-release-osx-x86_64 0.3.2 ERROR
r-oldrel-windows-ix86+x86_64 0.3.2 120.00 307.00 427.00 OK
r-oldrel-osx-x86_64 0.3.2 NOTE

Check Details

Version: 0.3.2
Check: installed package size
Result: NOTE
     installed size is 8.4Mb
     sub-directories of 1Mb or more:
     libs 7.7Mb
Flavors: r-devel-linux-x86_64-fedora-clang, r-oldrel-osx-x86_64

Version: 0.3.2
Check: package dependencies
Result: ERROR
    Package required but not available: ‘rags2ridges’
    
    Packages suggested but not available for checking: 'Biobase', 'CGHbase'
    
    See section ‘The DESCRIPTION file’ in the ‘Writing R Extensions’
    manual.
Flavor: r-release-osx-x86_64

Version: 0.3.2
Check: package dependencies
Result: NOTE
    Package suggested but not available for checking: ‘CGHbase’
Flavor: r-oldrel-osx-x86_64

Version: 0.3.2
Check: Rd cross-references
Result: NOTE
    Package unavailable to check Rd xrefs: ‘CGHbase’
Flavor: r-oldrel-osx-x86_64

Version: 0.3.2
Check: data for non-ASCII characters
Result: NOTE
     Error in .requirePackage(package) :
     unable to find required package 'CGHbase'
     Calls: <Anonymous> ... .extendsForS3 -> extends -> getClassDef -> .requirePackage
     Execution halted
Flavor: r-oldrel-osx-x86_64