CRAN Package Check Results for Package rSymPy

Last updated on 2019-09-24 07:48:46 CEST.

Flavor Version Tinstall Tcheck Ttotal Status Flags
r-devel-linux-x86_64-debian-clang 0.2-1.2 4.86 27.52 32.38 NOTE
r-devel-linux-x86_64-debian-gcc 0.2-1.2 3.14 22.40 25.54 NOTE
r-devel-linux-x86_64-fedora-clang 0.2-1.2 37.11 NOTE
r-devel-linux-x86_64-fedora-gcc 0.2-1.2 36.98 NOTE
r-devel-windows-ix86+x86_64 0.2-1.2 28.00 7.00 35.00 ERROR
r-patched-linux-x86_64 0.2-1.2 3.58 26.68 30.26 NOTE
r-patched-solaris-x86 0.2-1.2 59.30 NOTE
r-release-linux-x86_64 0.2-1.2 3.81 27.17 30.98 NOTE
r-release-windows-ix86+x86_64 0.2-1.2 19.00 57.00 76.00 NOTE
r-release-osx-x86_64 0.2-1.2 NOTE
r-oldrel-windows-ix86+x86_64 0.2-1.2 16.00 55.00 71.00 NOTE
r-oldrel-osx-x86_64 0.2-1.2 NOTE

Check Details

Version: 0.2-1.2
Check: top-level files
Result: NOTE
    File
     LICENSE
    is not mentioned in the DESCRIPTION file.
Flavors: r-devel-linux-x86_64-debian-clang, r-devel-linux-x86_64-debian-gcc, r-devel-linux-x86_64-fedora-clang, r-devel-linux-x86_64-fedora-gcc, r-patched-linux-x86_64, r-patched-solaris-x86, r-release-linux-x86_64, r-release-windows-ix86+x86_64, r-release-osx-x86_64, r-oldrel-windows-ix86+x86_64, r-oldrel-osx-x86_64

Version: 0.2-1.2
Check: R code for possible problems
Result: NOTE
    Math.Sym: no visible binding for global variable 'transtab'
    jythonStart: no visible global function definition for '.jinit'
    jythonStart: no visible global function definition for '.jnew'
    jythonStart: no visible binding for global variable '.Jython'
    sympy: no visible binding for global variable '.Jython'
    sympy: no visible global function definition for '.jstrVal'
    sympyStart: no visible binding for global variable '.Jython'
    Undefined global functions or variables:
     .Jython .jinit .jnew .jstrVal transtab
    
    Found the following assignments to the global environment:
    File 'rSymPy/R/sympy.R':
     assign(".Jython", .jnew("org.python.util.PythonInterpreter"),
     .GlobalEnv)
     assign(".Jython", rJython(modules = system.file("Lib", package = "rSymPy")),
     .GlobalEnv)
Flavors: r-devel-linux-x86_64-debian-clang, r-devel-linux-x86_64-debian-gcc, r-devel-linux-x86_64-fedora-clang, r-patched-linux-x86_64, r-release-linux-x86_64

Version: 0.2-1.2
Check: installed package size
Result: NOTE
     installed size is 12.0Mb
     sub-directories of 1Mb or more:
     Lib 11.9Mb
Flavors: r-devel-linux-x86_64-fedora-clang, r-patched-solaris-x86, r-release-windows-ix86+x86_64, r-release-osx-x86_64, r-oldrel-windows-ix86+x86_64, r-oldrel-osx-x86_64

Version: 0.2-1.2
Check: R code for possible problems
Result: NOTE
    Math.Sym: no visible binding for global variable ‘transtab’
    jythonStart: no visible global function definition for ‘.jinit’
    jythonStart: no visible global function definition for ‘.jnew’
    jythonStart: no visible binding for global variable ‘.Jython’
    sympy: no visible binding for global variable ‘.Jython’
    sympy: no visible global function definition for ‘.jstrVal’
    sympyStart: no visible binding for global variable ‘.Jython’
    Undefined global functions or variables:
     .Jython .jinit .jnew .jstrVal transtab
Flavors: r-devel-linux-x86_64-fedora-gcc, r-patched-solaris-x86, r-release-windows-ix86+x86_64, r-release-osx-x86_64, r-oldrel-windows-ix86+x86_64, r-oldrel-osx-x86_64

Version: 0.2-1.2
Check: whether package can be installed
Result: ERROR
    Installation failed.
Flavor: r-devel-windows-ix86+x86_64