CRAN Package Check Results for Package rJST

Last updated on 2019-08-24 19:47:22 CEST.

Flavor Version Tinstall Tcheck Ttotal Status Flags
r-devel-linux-x86_64-debian-clang 1.0 56.34 94.62 150.96 OK
r-devel-linux-x86_64-debian-gcc 1.0 44.95 62.79 107.74 OK
r-devel-linux-x86_64-fedora-clang 1.0 212.99 NOTE
r-devel-linux-x86_64-fedora-gcc 1.0 203.08 NOTE
r-devel-windows-ix86+x86_64 1.0 109.00 144.00 253.00 OK
r-patched-linux-x86_64 1.0 51.57 93.34 144.91 OK
r-patched-solaris-x86 1.0 230.80 NOTE
r-release-linux-x86_64 1.0 51.77 93.03 144.80 OK
r-release-windows-ix86+x86_64 1.0 154.00 163.00 317.00 OK
r-release-osx-x86_64 1.0 NOTE
r-oldrel-windows-ix86+x86_64 1.0 151.00 162.00 313.00 OK
r-oldrel-osx-x86_64 1.0 NOTE

Check Details

Version: 1.0
Check: dependencies in R code
Result: NOTE
    Namespaces in Imports field not imported from:
     ‘Rcpp’ ‘RcppProgress’ ‘magrittr’
     All declared Imports should be used.
Flavors: r-devel-linux-x86_64-fedora-clang, r-devel-linux-x86_64-fedora-gcc, r-patched-solaris-x86, r-release-osx-x86_64, r-oldrel-osx-x86_64