CRAN Package Check Results for Package rJST

Last updated on 2019-06-16 07:47:08 CEST.

Flavor Version Tinstall Tcheck Ttotal Status Flags
r-devel-linux-x86_64-debian-clang 1.0 57.66 94.26 151.92 OK
r-devel-linux-x86_64-debian-gcc 1.0 47.08 62.07 109.15 OK
r-devel-linux-x86_64-fedora-clang 1.0 209.38 NOTE
r-devel-linux-x86_64-fedora-gcc 1.0 207.29 NOTE
r-devel-windows-ix86+x86_64 1.0 149.00 175.00 324.00 OK
r-patched-linux-x86_64 1.0 55.20 93.07 148.27 OK
r-patched-solaris-x86 1.0 219.80 NOTE
r-release-linux-x86_64 1.0 52.80 92.14 144.94 OK
r-release-windows-ix86+x86_64 1.0 120.00 189.00 309.00 OK
r-release-osx-x86_64 1.0 NOTE
r-oldrel-windows-ix86+x86_64 1.0 111.00 163.00 274.00 OK
r-oldrel-osx-x86_64 1.0 NOTE

Check Details

Version: 1.0
Check: dependencies in R code
Result: NOTE
    Namespaces in Imports field not imported from:
     ‘Rcpp’ ‘RcppProgress’ ‘magrittr’
     All declared Imports should be used.
Flavors: r-devel-linux-x86_64-fedora-clang, r-devel-linux-x86_64-fedora-gcc, r-patched-solaris-x86, r-release-osx-x86_64, r-oldrel-osx-x86_64