Last updated on 2025-01-19 19:48:28 CET.
Flavor | Version | Tinstall | Tcheck | Ttotal | Status | Flags |
---|---|---|---|---|---|---|
r-devel-linux-x86_64-debian-clang | 0.1.0 | 1.62 | 20.38 | 22.00 | OK | |
r-devel-linux-x86_64-debian-gcc | 0.1.0 | 1.40 | 16.56 | 17.96 | OK | |
r-devel-linux-x86_64-fedora-clang | 0.1.0 | 38.21 | NOTE | |||
r-devel-linux-x86_64-fedora-gcc | 0.1.0 | 49.57 | NOTE | |||
r-devel-windows-x86_64 | 0.1.0 | 4.00 | 45.00 | 49.00 | OK | |
r-patched-linux-x86_64 | 0.1.0 | 1.93 | 19.55 | 21.48 | OK | |
r-release-linux-x86_64 | 0.1.0 | 1.68 | 19.69 | 21.37 | OK | |
r-release-macos-arm64 | 0.1.0 | 25.00 | OK | |||
r-release-macos-x86_64 | 0.1.0 | 35.00 | OK | |||
r-release-windows-x86_64 | 0.1.0 | 5.00 | 48.00 | 53.00 | OK | |
r-oldrel-macos-arm64 | 0.1.0 | 28.00 | OK | |||
r-oldrel-macos-x86_64 | 0.1.0 | 37.00 | OK | |||
r-oldrel-windows-x86_64 | 0.1.0 | 4.00 | 46.00 | 50.00 | OK |
Version: 0.1.0
Check: dependencies in R code
Result: NOTE
Namespaces in Imports field not imported from:
‘shiny’ ‘utils’
All declared Imports should be used.
Flavors: r-devel-linux-x86_64-fedora-clang, r-devel-linux-x86_64-fedora-gcc