CRAN Package Check Results for Package qualpalr

Last updated on 2019-09-22 19:51:28 CEST.

Flavor Version Tinstall Tcheck Ttotal Status Flags
r-devel-linux-x86_64-debian-clang 0.4.3 26.09 34.19 60.28 NOTE
r-devel-linux-x86_64-debian-gcc 0.4.3 23.16 27.90 51.06 NOTE
r-devel-linux-x86_64-fedora-clang 0.4.3 87.03 NOTE
r-devel-linux-x86_64-fedora-gcc 0.4.3 85.16 NOTE
r-devel-windows-ix86+x86_64 0.4.3 81.00 105.00 186.00 NOTE
r-patched-linux-x86_64 0.4.3 24.89 34.30 59.19 NOTE
r-patched-solaris-x86 0.4.3 108.50 WARN
r-release-linux-x86_64 0.4.3 25.21 34.58 59.79 NOTE
r-release-windows-ix86+x86_64 0.4.3 76.00 96.00 172.00 NOTE
r-release-osx-x86_64 0.4.3 WARN
r-oldrel-windows-ix86+x86_64 0.4.3 58.00 65.00 123.00 NOTE
r-oldrel-osx-x86_64 0.4.3 WARN

Check Details

Version: 0.4.3
Check: for GNU extensions in Makefiles
Result: NOTE
    GNU make is a SystemRequirements.
Flavors: r-devel-linux-x86_64-debian-clang, r-devel-linux-x86_64-debian-gcc, r-devel-linux-x86_64-fedora-clang, r-devel-linux-x86_64-fedora-gcc, r-devel-windows-ix86+x86_64, r-patched-linux-x86_64, r-patched-solaris-x86, r-release-linux-x86_64, r-release-windows-ix86+x86_64, r-release-osx-x86_64, r-oldrel-windows-ix86+x86_64, r-oldrel-osx-x86_64

Version: 0.4.3
Check: re-building of vignette outputs
Result: WARN
    Error(s) in re-building vignettes:
     ...
    --- re-building ‘introduction.Rmd’ using rmarkdown
    Warning in engine$weave(file, quiet = quiet, encoding = enc) :
     Pandoc (>= 1.12.3) and/or pandoc-citeproc not available. Falling back to R Markdown v1.
    Quitting from lines 83-117 (introduction.Rmd)
    Error: processing vignette 'introduction.Rmd' failed with diagnostics:
    cannot open the connection
    --- failed re-building ‘introduction.Rmd’
    
    SUMMARY: processing the following file failed:
     ‘introduction.Rmd’
    
    Error: Vignette re-building failed.
    Execution halted
Flavors: r-patched-solaris-x86, r-release-osx-x86_64

Version: 0.4.3
Check: re-building of vignette outputs
Result: WARN
    Error in re-building vignettes:
     ...
    Warning in engine$weave(file, quiet = quiet, encoding = enc) :
     Pandoc (>= 1.12.3) and/or pandoc-citeproc not available. Falling back to R Markdown v1.
    Quitting from lines 83-117 (introduction.Rmd)
    Error: processing vignette 'introduction.Rmd' failed with diagnostics:
    cannot open the connection
    Execution halted
Flavor: r-oldrel-osx-x86_64