CRAN Package Check Results for Package qgtools

Last updated on 2019-10-20 06:47:02 CEST.

Flavor Version Tinstall Tcheck Ttotal Status Flags
r-devel-linux-x86_64-debian-clang 1.0 19.25 145.74 164.99 NOTE
r-devel-linux-x86_64-debian-gcc 1.0 18.42 113.59 132.01 NOTE
r-devel-linux-x86_64-fedora-clang 1.0 196.06 NOTE
r-devel-linux-x86_64-fedora-gcc 1.0 203.74 NOTE
r-devel-windows-ix86+x86_64 1.0 28.00 199.00 227.00 NOTE
r-patched-linux-x86_64 1.0 18.00 152.15 170.15 NOTE
r-patched-solaris-x86 1.0 281.70 NOTE
r-release-linux-x86_64 1.0 20.54 158.49 179.03 NOTE
r-release-windows-ix86+x86_64 1.0 26.00 201.00 227.00 NOTE
r-release-osx-x86_64 1.0 NOTE
r-oldrel-windows-ix86+x86_64 1.0 16.00 129.00 145.00 NOTE
r-oldrel-osx-x86_64 1.0 NOTE

Check Details

Version: 1.0
Check: R code for possible problems
Result: NOTE
    CFactor: no visible global function definition for 'complete.cases'
    ConVariable: no visible global function definition for 'cov'
    ConVariable1: no visible global function definition for 'lm'
    Cor: no visible global function definition for 'complete.cases'
    Cor: no visible global function definition for 'cor.test'
    FWStabilityR: no visible global function definition for 'lm'
    FWStabilityR: no visible global function definition for 'coef'
    FWStabilityR: no visible global function definition for 'quantile'
    GetConVar: no visible global function definition for 'combn'
    GetConVar1: no visible global function definition for 'combn'
    GetGEMean: no visible global function definition for 'complete.cases'
    RandJackCond: no visible global function definition for 'qt'
    RandJackCond: no visible global function definition for 'var'
    RandJackCond: no visible global function definition for 'pt'
    Rank1: no visible global function definition for 'quantile'
    Rank2: no visible global function definition for 'quantile'
    SimuData0: no visible global function definition for 'rnorm'
    SimuData1: no visible global function definition for 'rnorm'
    SimuData_Old: no visible global function definition for 'rnorm'
    Var2: no visible binding for global variable 'var'
    Var2: no visible global function definition for 'quantile'
    ad.simu: no visible global function definition for 'var'
    ad.simu.jack: no visible global function definition for 'var'
    adaa.simu: no visible global function definition for 'var'
    adaa.simu.jack: no visible global function definition for 'var'
    adc.simu: no visible global function definition for 'var'
    adc.simu.jack: no visible global function definition for 'var'
    adm.simu: no visible global function definition for 'var'
    adm.simu.jack: no visible global function definition for 'var'
    ar1_r: no visible global function definition for 'complete.cases'
    ar1_r: no visible global function definition for 'cor'
    cs_r: no visible global function definition for 'complete.cases'
    cs_r: no visible global function definition for 'cor'
    cv: no visible global function definition for 'var'
    cvar: no visible global function definition for 'quantile'
    form: no visible global function definition for 'as.formula'
    genmod.fw.cond: no visible global function definition for
     'complete.cases'
    genmod.jack1: no visible global function definition for 'qt'
    genmod.jack1: no visible global function definition for 'var'
    genmod.jack1: no visible global function definition for 'pt'
    genmod.mq: no visible global function definition for 'pchisq'
    genmod.reml: no visible global function definition for 'pchisq'
    genmod.reml.jack: no visible global function definition for 'qt'
    genmod.reml.jack: no visible global function definition for 'var'
    genmod.reml.jack: no visible global function definition for 'pt'
    genmod.var1: no visible global function definition for 'complete.cases'
    getglsid: no visible global function definition for 'model.frame'
    gls.jack: no visible global function definition for 'qt'
    gls.jack: no visible global function definition for 'var'
    gls.jack: no visible global function definition for 'pt'
    gls.mq: no visible global function definition for 'pchisq'
    lm.conversion0: no visible global function definition for 'as.formula'
    lm.data0: no visible global function definition for 'as.formula'
    lm.data0: no visible global function definition for 'model.frame'
    lm.data0: no visible global function definition for 'model.response'
    lm.data0: no visible global function definition for 'model.matrix'
    lm.data2: no visible global function definition for 'as.formula'
    lm.data2: no visible global function definition for 'model.frame'
    lm.data2: no visible global function definition for 'model.matrix'
    lmm.gls.eval: no visible global function definition for
     'complete.cases'
    lmm.gls.eval: no visible global function definition for 'cov'
    lmm.gls.eval: no visible global function definition for 'cor'
    lmm.simu: no visible global function definition for 'var'
    lmm.simu.jack: no visible global function definition for 'var'
    minque.jack1: no visible global function definition for 'qt'
    minque.jack1: no visible global function definition for 'var'
    minque.jack1: no visible global function definition for 'pt'
    mixed.formula: no visible global function definition for 'as.formula'
    mixed.formula: no visible global function definition for 'model.frame'
    mixed.formula: no visible global function definition for
     'model.response'
    mixed.formula: no visible global function definition for 'model.matrix'
    model.rdata: no visible global function definition for 'model.frame'
    model_data: no visible global function definition for 'as.formula'
    model_data: no visible global function definition for 'model.frame'
    model_data: no visible global function definition for 'model.matrix'
    reg.boot: no visible global function definition for 'complete.cases'
    reg.boot: no visible global function definition for 'lm'
    reg.boot: no visible global function definition for 'quantile'
    reg.formula: no visible global function definition for 'as.formula'
    reg.perm: no visible global function definition for 'complete.cases'
    reg.perm: no visible global function definition for 'lm'
    reg.perm: no visible global function definition for 'quantile'
    un_v: no visible global function definition for 'complete.cases'
    variation: no visible binding for global variable 'var'
    variation: no visible global function definition for 'quantile'
    Undefined global functions or variables:
     as.formula coef combn complete.cases cor cor.test cov lm model.frame
     model.matrix model.response pchisq pt qt quantile rnorm var
    Consider adding
     importFrom("stats", "as.formula", "coef", "complete.cases", "cor",
     "cor.test", "cov", "lm", "model.frame", "model.matrix",
     "model.response", "pchisq", "pt", "qt", "quantile", "rnorm",
     "var")
     importFrom("utils", "combn")
    to your NAMESPACE file.
Flavors: r-devel-linux-x86_64-debian-clang, r-devel-linux-x86_64-debian-gcc, r-devel-linux-x86_64-fedora-clang, r-devel-linux-x86_64-fedora-gcc, r-devel-windows-ix86+x86_64, r-patched-linux-x86_64, r-patched-solaris-x86, r-release-linux-x86_64, r-release-windows-ix86+x86_64, r-release-osx-x86_64, r-oldrel-windows-ix86+x86_64, r-oldrel-osx-x86_64