CRAN Package Check Results for Package psych

Last updated on 2019-09-24 07:48:43 CEST.

Flavor Version Tinstall Tcheck Ttotal Status Flags
r-devel-linux-x86_64-debian-clang 1.8.12 44.83 341.27 386.10 NOTE
r-devel-linux-x86_64-debian-gcc 1.8.12 39.87 254.78 294.65 NOTE
r-devel-linux-x86_64-fedora-clang 1.8.12 454.19 NOTE
r-devel-linux-x86_64-fedora-gcc 1.8.12 446.41 NOTE
r-devel-windows-ix86+x86_64 1.8.12 86.00 478.00 564.00 NOTE
r-patched-linux-x86_64 1.8.12 45.80 329.80 375.60 OK
r-patched-solaris-x86 1.8.12 537.00 NOTE
r-release-linux-x86_64 1.8.12 42.21 333.17 375.38 OK
r-release-windows-ix86+x86_64 1.8.12 83.00 478.00 561.00 NOTE
r-release-osx-x86_64 1.8.12 NOTE
r-oldrel-windows-ix86+x86_64 1.8.12 45.00 338.00 383.00 NOTE
r-oldrel-osx-x86_64 1.8.12 NOTE

Check Details

Version: 1.8.12
Check: for non-standard things in the check directory
Result: NOTE
    Found the following files/directories:
     'test.ICLUST.graph.dot'
Flavors: r-devel-linux-x86_64-debian-clang, r-devel-linux-x86_64-debian-gcc, r-devel-linux-x86_64-fedora-clang, r-devel-linux-x86_64-fedora-gcc

Version: 1.8.12
Check: installed package size
Result: NOTE
     installed size is 6.4Mb
     sub-directories of 1Mb or more:
     R 1.7Mb
     doc 2.4Mb
Flavors: r-devel-linux-x86_64-fedora-clang, r-devel-windows-ix86+x86_64, r-patched-solaris-x86, r-release-windows-ix86+x86_64, r-release-osx-x86_64, r-oldrel-windows-ix86+x86_64, r-oldrel-osx-x86_64

Version: 1.8.12
Check: package dependencies
Result: NOTE
    Packages suggested but not available for checking: 'graph', 'Rgraphviz'
Flavor: r-release-osx-x86_64