CRAN Package Check Results for Package pscore

Last updated on 2019-06-25 19:49:53 CEST.

Flavor Version Tinstall Tcheck Ttotal Status Flags
r-devel-linux-x86_64-debian-clang 0.1-2 4.07 46.84 50.91 NOTE
r-devel-linux-x86_64-debian-gcc 0.1-2 3.36 37.10 40.46 NOTE
r-devel-linux-x86_64-fedora-clang 0.1-2 60.92 NOTE
r-devel-linux-x86_64-fedora-gcc 0.1-2 58.00 NOTE
r-devel-windows-ix86+x86_64 0.1-2 17.00 65.00 82.00 NOTE
r-patched-linux-x86_64 0.1-2 4.14 45.63 49.77 NOTE
r-patched-solaris-x86 0.1-2 103.30 NOTE
r-release-linux-x86_64 0.1-2 3.39 46.66 50.05 NOTE
r-release-windows-ix86+x86_64 0.1-2 11.00 64.00 75.00 NOTE
r-release-osx-x86_64 0.1-2 NOTE
r-oldrel-windows-ix86+x86_64 0.1-2 7.00 57.00 64.00 NOTE
r-oldrel-osx-x86_64 0.1-2 NOTE

Check Details

Version: 0.1-2
Check: R code for possible problems
Result: NOTE
    mahalanobisComposite: no visible global function definition for
     'princomp'
    prepareComposite: no visible global function definition for 'cov'
    winsorizor : f: no visible global function definition for 'quantile'
    Undefined global functions or variables:
     cov princomp quantile
    Consider adding
     importFrom("stats", "cov", "princomp", "quantile")
    to your NAMESPACE file.
Flavors: r-devel-linux-x86_64-debian-clang, r-devel-linux-x86_64-debian-gcc, r-devel-linux-x86_64-fedora-clang, r-devel-linux-x86_64-fedora-gcc, r-devel-windows-ix86+x86_64, r-patched-linux-x86_64, r-patched-solaris-x86, r-release-linux-x86_64, r-release-windows-ix86+x86_64, r-release-osx-x86_64, r-oldrel-windows-ix86+x86_64, r-oldrel-osx-x86_64