CRAN Package Check Results for Package pscore

Last updated on 2019-09-24 07:48:43 CEST.

Flavor Version Tinstall Tcheck Ttotal Status Flags
r-devel-linux-x86_64-debian-clang 0.1-2 3.91 47.15 51.06 NOTE
r-devel-linux-x86_64-debian-gcc 0.1-2 3.53 36.66 40.19 NOTE
r-devel-linux-x86_64-fedora-clang 0.1-2 60.92 NOTE
r-devel-linux-x86_64-fedora-gcc 0.1-2 59.98 NOTE
r-devel-windows-ix86+x86_64 0.1-2 29.00 85.00 114.00 NOTE
r-patched-linux-x86_64 0.1-2 4.50 44.68 49.18 NOTE
r-patched-solaris-x86 0.1-2 97.10 NOTE
r-release-linux-x86_64 0.1-2 4.02 44.94 48.96 NOTE
r-release-windows-ix86+x86_64 0.1-2 24.00 92.00 116.00 NOTE
r-release-osx-x86_64 0.1-2 NOTE
r-oldrel-windows-ix86+x86_64 0.1-2 9.00 70.00 79.00 NOTE
r-oldrel-osx-x86_64 0.1-2 NOTE

Check Details

Version: 0.1-2
Check: R code for possible problems
Result: NOTE
    mahalanobisComposite: no visible global function definition for
     'princomp'
    prepareComposite: no visible global function definition for 'cov'
    winsorizor : f: no visible global function definition for 'quantile'
    Undefined global functions or variables:
     cov princomp quantile
    Consider adding
     importFrom("stats", "cov", "princomp", "quantile")
    to your NAMESPACE file.
Flavors: r-devel-linux-x86_64-debian-clang, r-devel-linux-x86_64-debian-gcc, r-devel-linux-x86_64-fedora-clang, r-devel-linux-x86_64-fedora-gcc, r-devel-windows-ix86+x86_64, r-patched-linux-x86_64, r-patched-solaris-x86, r-release-linux-x86_64, r-release-windows-ix86+x86_64, r-release-osx-x86_64, r-oldrel-windows-ix86+x86_64, r-oldrel-osx-x86_64