CRAN Package Check Results for Package prototest

Last updated on 2019-06-19 07:48:30 CEST.

Flavor Version Tinstall Tcheck Ttotal Status Flags
r-devel-linux-x86_64-debian-clang 1.2 66.61 81.34 147.95 OK
r-devel-linux-x86_64-debian-gcc 1.2 50.61 64.83 115.44 OK
r-devel-linux-x86_64-fedora-clang 1.2 202.38 NOTE
r-devel-linux-x86_64-fedora-gcc 1.2 189.52 NOTE
r-devel-windows-ix86+x86_64 1.2 159.00 178.00 337.00 OK
r-patched-linux-x86_64 1.2 60.15 81.40 141.55 OK
r-patched-solaris-x86 1.2 230.60 OK
r-release-linux-x86_64 1.2 64.93 80.96 145.89 OK
r-release-windows-ix86+x86_64 1.2 151.00 185.00 336.00 OK
r-release-osx-x86_64 1.2 OK
r-oldrel-windows-ix86+x86_64 1.2 104.00 183.00 287.00 OK
r-oldrel-osx-x86_64 1.2 OK

Check Details

Version: 1.2
Check: compiled code
Result: NOTE
    File ‘prototest/libs/prototest.so’:
     Found no calls to: ‘R_registerRoutines’, ‘R_useDynamicSymbols’
    
    It is good practice to register native routines and to disable symbol
    search.
    
    See ‘Writing portable packages’ in the ‘Writing R Extensions’ manual.
Flavors: r-devel-linux-x86_64-fedora-clang, r-devel-linux-x86_64-fedora-gcc