CRAN Package Check Results for Package proteomics

Last updated on 2020-07-04 19:47:40 CEST.

Flavor Version Tinstall Tcheck Ttotal Status Flags
r-devel-linux-x86_64-debian-clang 0.2 5.10 40.98 46.08 NOTE
r-devel-linux-x86_64-debian-gcc 0.2 4.30 32.05 36.35 NOTE
r-devel-linux-x86_64-fedora-clang 0.2 64.92 NOTE
r-devel-linux-x86_64-fedora-gcc 0.2 53.46 NOTE
r-devel-windows-ix86+x86_64 0.2 27.00 55.00 82.00 NOTE
r-patched-linux-x86_64 0.2 4.86 40.17 45.03 NOTE
r-patched-solaris-x86 0.2 82.30 NOTE
r-release-linux-x86_64 0.2 5.61 40.14 45.75 NOTE
r-release-osx-x86_64 0.2 NOTE
r-release-windows-ix86+x86_64 0.2 15.00 55.00 70.00 NOTE
r-oldrel-osx-x86_64 0.2 NOTE
r-oldrel-windows-ix86+x86_64 0.2 20.00 82.00 102.00 NOTE

Check Details

Version: 0.2
Check: R code for possible problems
Result: NOTE
    addIonSatistics: no visible binding for global variable 'median'
    adjustOne: no visible binding for global variable 'median'
    attachModifications: no visible global function definition for
     'na.omit'
    avrgLoadingCalculation: no visible binding for global variable 'median'
    channelResponses : estimate: no visible binding for global variable
     'var'
    responseStatisics : func: no visible global function definition for
     'aggregate'
    testing: no visible global function definition for 'aov'
    testingOneshot: no visible global function definition for 'anova'
    testingTukey: no visible global function definition for 'TukeyHSD'
    Undefined global functions or variables:
     TukeyHSD aggregate anova aov median na.omit var
    Consider adding
     importFrom("stats", "TukeyHSD", "aggregate", "anova", "aov", "median",
     "na.omit", "var")
    to your NAMESPACE file.
Flavors: r-devel-linux-x86_64-debian-clang, r-devel-linux-x86_64-debian-gcc, r-devel-linux-x86_64-fedora-clang, r-devel-linux-x86_64-fedora-gcc, r-devel-windows-ix86+x86_64, r-patched-linux-x86_64, r-patched-solaris-x86, r-release-linux-x86_64, r-release-osx-x86_64, r-release-windows-ix86+x86_64, r-oldrel-osx-x86_64, r-oldrel-windows-ix86+x86_64