CRAN Package Check Results for Package proteomics

Last updated on 2019-08-18 07:48:59 CEST.

Flavor Version Tinstall Tcheck Ttotal Status Flags
r-devel-linux-x86_64-debian-clang 0.2 4.03 36.39 40.42 NOTE
r-devel-linux-x86_64-debian-gcc 0.2 3.34 28.25 31.59 NOTE
r-devel-linux-x86_64-fedora-clang 0.2 47.22 NOTE
r-devel-linux-x86_64-fedora-gcc 0.2 44.92 NOTE
r-devel-windows-ix86+x86_64 0.2 14.00 46.00 60.00 NOTE
r-patched-linux-x86_64 0.2 3.63 35.07 38.70 NOTE
r-patched-solaris-x86 0.2 84.00 NOTE
r-release-linux-x86_64 0.2 3.79 35.07 38.86 NOTE
r-release-windows-ix86+x86_64 0.2 14.00 47.00 61.00 NOTE
r-release-osx-x86_64 0.2 NOTE
r-oldrel-windows-ix86+x86_64 0.2 11.00 75.00 86.00 NOTE
r-oldrel-osx-x86_64 0.2 NOTE

Check Details

Version: 0.2
Check: R code for possible problems
Result: NOTE
    addIonSatistics: no visible binding for global variable 'median'
    adjustOne: no visible binding for global variable 'median'
    attachModifications: no visible global function definition for
     'na.omit'
    avrgLoadingCalculation: no visible binding for global variable 'median'
    channelResponses : estimate: no visible binding for global variable
     'var'
    responseStatisics : func: no visible global function definition for
     'aggregate'
    testing: no visible global function definition for 'aov'
    testingOneshot: no visible global function definition for 'anova'
    testingTukey: no visible global function definition for 'TukeyHSD'
    Undefined global functions or variables:
     TukeyHSD aggregate anova aov median na.omit var
    Consider adding
     importFrom("stats", "TukeyHSD", "aggregate", "anova", "aov", "median",
     "na.omit", "var")
    to your NAMESPACE file.
Flavors: r-devel-linux-x86_64-debian-clang, r-devel-linux-x86_64-debian-gcc, r-devel-linux-x86_64-fedora-clang, r-devel-linux-x86_64-fedora-gcc, r-devel-windows-ix86+x86_64, r-patched-linux-x86_64, r-patched-solaris-x86, r-release-linux-x86_64, r-release-windows-ix86+x86_64, r-release-osx-x86_64, r-oldrel-windows-ix86+x86_64, r-oldrel-osx-x86_64