CRAN Package Check Results for Package protViz

Last updated on 2019-06-24 19:50:12 CEST.

Flavor Version Tinstall Tcheck Ttotal Status Flags
r-devel-linux-x86_64-debian-clang 0.4.0 42.45 77.97 120.42 NOTE
r-devel-linux-x86_64-debian-gcc 0.4.0 35.05 62.25 97.30 NOTE
r-devel-linux-x86_64-fedora-clang 0.4.0 163.13 NOTE
r-devel-linux-x86_64-fedora-gcc 0.4.0 147.66 NOTE
r-devel-windows-ix86+x86_64 0.4.0 141.00 146.00 287.00 OK
r-patched-linux-x86_64 0.4.0 40.32 77.62 117.94 OK
r-patched-solaris-x86 0.4.0 188.00 OK
r-release-linux-x86_64 0.4.0 40.70 77.91 118.61 OK
r-release-windows-ix86+x86_64 0.4.0 104.00 188.00 292.00 OK
r-release-osx-x86_64 0.4.0 NOTE
r-oldrel-windows-ix86+x86_64 0.4.0 90.00 128.00 218.00 OK
r-oldrel-osx-x86_64 0.4.0 NOTE

Check Details

Version: 0.4.0
Check: for non-standard things in the check directory
Result: NOTE
    Found the following files/directories:
     'HexNAc_PTM_markerFinder.csv'
Flavors: r-devel-linux-x86_64-debian-clang, r-devel-linux-x86_64-debian-gcc, r-devel-linux-x86_64-fedora-clang, r-devel-linux-x86_64-fedora-gcc

Version: 0.4.0
Check: installed package size
Result: NOTE
     installed size is 5.9Mb
     sub-directories of 1Mb or more:
     data 2.1Mb
     libs 2.9Mb
Flavors: r-devel-linux-x86_64-fedora-clang, r-release-osx-x86_64, r-oldrel-osx-x86_64