CRAN Package Check Results for Package protViz

Last updated on 2019-09-24 07:48:43 CEST.

Flavor Version Tinstall Tcheck Ttotal Status Flags
r-devel-linux-x86_64-debian-clang 0.4.0 42.14 78.35 120.49 NOTE
r-devel-linux-x86_64-debian-gcc 0.4.0 34.71 61.43 96.14 NOTE
r-devel-linux-x86_64-fedora-clang 0.4.0 162.26 NOTE
r-devel-linux-x86_64-fedora-gcc 0.4.0 154.59 NOTE
r-devel-windows-ix86+x86_64 0.4.0 147.00 183.00 330.00 OK
r-patched-linux-x86_64 0.4.0 36.97 76.94 113.91 OK
r-patched-solaris-x86 0.4.0 180.90 OK
r-release-linux-x86_64 0.4.0 38.13 78.08 116.21 OK
r-release-windows-ix86+x86_64 0.4.0 146.00 191.00 337.00 OK
r-release-osx-x86_64 0.4.0 NOTE
r-oldrel-windows-ix86+x86_64 0.4.0 97.00 130.00 227.00 OK
r-oldrel-osx-x86_64 0.4.0 NOTE

Check Details

Version: 0.4.0
Check: for non-standard things in the check directory
Result: NOTE
    Found the following files/directories:
     'HexNAc_PTM_markerFinder.csv'
Flavors: r-devel-linux-x86_64-debian-clang, r-devel-linux-x86_64-debian-gcc, r-devel-linux-x86_64-fedora-clang, r-devel-linux-x86_64-fedora-gcc

Version: 0.4.0
Check: installed package size
Result: NOTE
     installed size is 6.1Mb
     sub-directories of 1Mb or more:
     data 2.1Mb
     libs 3.1Mb
Flavors: r-devel-linux-x86_64-fedora-clang, r-release-osx-x86_64, r-oldrel-osx-x86_64