Last updated on 2025-01-17 21:49:42 CET.
Flavor | Version | Tinstall | Tcheck | Ttotal | Status | Flags |
---|---|---|---|---|---|---|
r-devel-linux-x86_64-debian-clang | 1.0.3 | 98.98 | 327.25 | 426.23 | OK | |
r-devel-linux-x86_64-debian-gcc | 1.0.3 | 86.67 | 231.31 | 317.98 | OK | |
r-devel-linux-x86_64-fedora-clang | 1.0.3 | 678.65 | OK | |||
r-devel-linux-x86_64-fedora-gcc | 1.0.3 | 810.47 | OK | |||
r-devel-windows-x86_64 | 1.0.3 | 107.00 | 344.00 | 451.00 | OK | |
r-patched-linux-x86_64 | 1.0.3 | 119.84 | 307.11 | 426.95 | OK | |
r-release-linux-x86_64 | 1.0.3 | 122.31 | 310.60 | 432.91 | OK | |
r-release-macos-arm64 | 1.0.3 | 179.00 | NOTE | |||
r-release-macos-x86_64 | 1.0.3 | 290.00 | NOTE | |||
r-release-windows-x86_64 | 1.0.3 | 108.00 | 323.00 | 431.00 | NOTE | |
r-oldrel-macos-arm64 | 1.0.3 | 195.00 | NOTE | |||
r-oldrel-macos-x86_64 | 1.0.3 | 439.00 | NOTE | |||
r-oldrel-windows-x86_64 | 1.0.3 | 122.00 | 417.00 | 539.00 | NOTE |
Version: 1.0.3
Check: installed package size
Result: NOTE
installed size is 39.8Mb
sub-directories of 1Mb or more:
libs 38.6Mb
Flavors: r-release-macos-arm64, r-release-macos-x86_64, r-release-windows-x86_64, r-oldrel-macos-arm64, r-oldrel-macos-x86_64, r-oldrel-windows-x86_64