CRAN Package Check Results for Package portalr

Last updated on 2019-06-24 19:50:12 CEST.

Flavor Version Tinstall Tcheck Ttotal Status Flags
r-devel-linux-x86_64-debian-clang 0.2.5 4.30 160.04 164.34 OK
r-devel-linux-x86_64-debian-gcc 0.2.5 4.52 134.21 138.73 OK
r-devel-linux-x86_64-fedora-clang 0.2.5 202.56 OK
r-devel-linux-x86_64-fedora-gcc 0.2.5 191.62 OK
r-devel-windows-ix86+x86_64 0.2.2 23.00 242.00 265.00 ERROR
r-patched-linux-x86_64 0.2.5 5.09 163.06 168.15 OK
r-patched-solaris-x86 0.2.5 285.70 OK
r-release-linux-x86_64 0.2.2 5.65 175.63 181.28 ERROR
r-release-windows-ix86+x86_64 0.2.2 12.00 292.00 304.00 ERROR
r-release-osx-x86_64 0.2.5 OK
r-oldrel-windows-ix86+x86_64 0.2.5 5.00 214.00 219.00 OK
r-oldrel-osx-x86_64 0.2.5 OK

Check Details

Version: 0.2.2
Check: tests
Result: ERROR
     Running 'testthat.R' [174s]
    Running the tests in 'tests/testthat.R' failed.
    Complete output:
     > library(httptest)
     Loading required package: testthat
     > library(portalr)
     >
     > test_check("portalr")
     -- 1. Failure: data generated by level = Plot, type = Annuals, plots = longterm
     digest::digest(data) not identical to "f000fca8bc0e2eb77acf76ba55a93f3b".
     1/1 mismatches
     x[1]: "6c6da92ff91a4dd873b834fba3a3d30a"
     y[1]: "f000fca8bc0e2eb77acf76ba55a93f3b"
    
     == testthat results ===========================================================
     OK: 130 SKIPPED: 14 WARNINGS: 0 FAILED: 1
     1. Failure: data generated by level = Plot, type = Annuals, plots = longterm is same (plants) (@test-99-regression.R#92)
    
     Error: testthat unit tests failed
     Execution halted
Flavor: r-devel-windows-ix86+x86_64

Version: 0.2.2
Check: tests
Result: ERROR
     Running ‘testthat.R’ [127s/153s]
    Running the tests in ‘tests/testthat.R’ failed.
    Complete output:
     > library(httptest)
     Loading required package: testthat
     > library(portalr)
     >
     > test_check("portalr")
     ── 1. Failure: data generated by level = Plot, type = Annuals, plots = longterm
     digest::digest(data) not identical to "f000fca8bc0e2eb77acf76ba55a93f3b".
     1/1 mismatches
     x[1]: "6c6da92ff91a4dd873b834fba3a3d30a"
     y[1]: "f000fca8bc0e2eb77acf76ba55a93f3b"
    
     ══ testthat results ═══════════════════════════════════════════════════════════
     OK: 130 SKIPPED: 14 WARNINGS: 0 FAILED: 1
     1. Failure: data generated by level = Plot, type = Annuals, plots = longterm is same (plants) (@test-99-regression.R#92)
    
     Error: testthat unit tests failed
     Execution halted
Flavor: r-release-linux-x86_64

Version: 0.2.2
Check: tests
Result: ERROR
     Running 'testthat.R' [202s]
    Running the tests in 'tests/testthat.R' failed.
    Complete output:
     > library(httptest)
     Loading required package: testthat
     > library(portalr)
     >
     > test_check("portalr")
     -- 1. Failure: data generated by level = Plot, type = Annuals, plots = longterm
     digest::digest(data) not identical to "f000fca8bc0e2eb77acf76ba55a93f3b".
     1/1 mismatches
     x[1]: "6c6da92ff91a4dd873b834fba3a3d30a"
     y[1]: "f000fca8bc0e2eb77acf76ba55a93f3b"
    
     == testthat results ===========================================================
     OK: 130 SKIPPED: 14 WARNINGS: 0 FAILED: 1
     1. Failure: data generated by level = Plot, type = Annuals, plots = longterm is same (plants) (@test-99-regression.R#92)
    
     Error: testthat unit tests failed
     Execution halted
Flavor: r-release-windows-ix86+x86_64