CRAN Package Check Results for Package polysat

Last updated on 2019-09-22 19:51:28 CEST.

Flavor Version Tinstall Tcheck Ttotal Status Flags
r-devel-linux-x86_64-debian-clang 1.7-4 25.08 102.37 127.45 NOTE
r-devel-linux-x86_64-debian-gcc 1.7-4 18.59 77.68 96.27 NOTE
r-devel-linux-x86_64-fedora-clang 1.7-4 157.48 NOTE
r-devel-linux-x86_64-fedora-gcc 1.7-4 155.37 NOTE
r-devel-windows-ix86+x86_64 1.7-4 57.00 222.00 279.00 OK
r-patched-linux-x86_64 1.7-4 20.65 100.04 120.69 OK
r-patched-solaris-x86 1.7-4 189.60 OK
r-release-linux-x86_64 1.7-4 20.11 101.32 121.43 OK
r-release-windows-ix86+x86_64 1.7-4 60.00 221.00 281.00 OK
r-release-osx-x86_64 1.7-4 OK
r-oldrel-windows-ix86+x86_64 1.7-4 38.00 142.00 180.00 OK
r-oldrel-osx-x86_64 1.7-4 OK

Check Details

Version: 1.7-4
Check: for non-standard things in the check directory
Result: NOTE
    Found the following files/directories:
     'SPAGfreqExample2.txt' 'SpagInputExample.txt' 'SpagOutExample.txt'
     'SpagTemp.txt' 'TetrasatExample.txt' 'atetraexample.txt'
     'atetratest.txt' 'exampleGMoutput.txt' 'forPOPDIST.txt'
     'genodiveExample.txt' 'readGMtest.txt' 'strtemp.txt' 'structtest.txt'
     'testGenoDive2.txt' 'testGenoDive3.txt' 'testPOPDIST.txt'
     'tetrasattest.txt'
Flavors: r-devel-linux-x86_64-debian-clang, r-devel-linux-x86_64-debian-gcc, r-devel-linux-x86_64-fedora-clang, r-devel-linux-x86_64-fedora-gcc