CRAN Package Check Results for Package polysat

Last updated on 2019-06-24 19:50:11 CEST.

Flavor Version Tinstall Tcheck Ttotal Status Flags
r-devel-linux-x86_64-debian-clang 1.7-4 22.99 101.93 124.92 NOTE
r-devel-linux-x86_64-debian-gcc 1.7-4 18.09 78.08 96.17 NOTE
r-devel-linux-x86_64-fedora-clang 1.7-4 155.46 NOTE
r-devel-linux-x86_64-fedora-gcc 1.7-4 148.75 NOTE
r-devel-windows-ix86+x86_64 1.7-4 64.00 168.00 232.00 OK
r-patched-linux-x86_64 1.7-4 22.61 100.91 123.52 OK
r-patched-solaris-x86 1.7-4 193.70 OK
r-release-linux-x86_64 1.7-4 22.06 100.87 122.93 OK
r-release-windows-ix86+x86_64 1.7-4 42.00 220.00 262.00 OK
r-release-osx-x86_64 1.7-4 OK
r-oldrel-windows-ix86+x86_64 1.7-4 41.00 147.00 188.00 OK
r-oldrel-osx-x86_64 1.7-4 OK

Check Details

Version: 1.7-4
Check: for non-standard things in the check directory
Result: NOTE
    Found the following files/directories:
     'SPAGfreqExample2.txt' 'SpagInputExample.txt' 'SpagOutExample.txt'
     'SpagTemp.txt' 'TetrasatExample.txt' 'atetraexample.txt'
     'atetratest.txt' 'exampleGMoutput.txt' 'forPOPDIST.txt'
     'genodiveExample.txt' 'readGMtest.txt' 'strtemp.txt' 'structtest.txt'
     'testGenoDive2.txt' 'testGenoDive3.txt' 'testPOPDIST.txt'
     'tetrasattest.txt'
Flavors: r-devel-linux-x86_64-debian-clang, r-devel-linux-x86_64-debian-gcc, r-devel-linux-x86_64-fedora-clang, r-devel-linux-x86_64-fedora-gcc