Last updated on 2021-04-22 16:48:58 CEST.
Flavor | Version | Tinstall | Tcheck | Ttotal | Status | Flags |
---|---|---|---|---|---|---|
r-devel-linux-x86_64-debian-clang | 1.3.0 | 32.24 | 247.88 | 280.12 | OK | |
r-devel-linux-x86_64-debian-gcc | 1.3.0 | 26.25 | 177.23 | 203.48 | OK | |
r-devel-linux-x86_64-fedora-clang | 1.3.0 | 347.65 | OK | |||
r-devel-linux-x86_64-fedora-gcc | 1.3.0 | 320.03 | OK | |||
r-devel-windows-ix86+x86_64 | 1.3.0 | 61.00 | 282.00 | 343.00 | OK | |
r-devel-windows-x86_64-gcc10-UCRT | 1.3.0 | OK | ||||
r-patched-linux-x86_64 | 1.3.0 | 38.83 | 222.43 | 261.26 | WARN | |
r-patched-solaris-x86 | 1.3.0 | 410.50 | OK | |||
r-release-linux-x86_64 | 1.3.0 | 32.60 | 220.81 | 253.41 | OK | |
r-release-macos-x86_64 | 1.3.0 | OK | ||||
r-release-windows-ix86+x86_64 | 1.3.0 | 62.00 | 281.00 | 343.00 | OK | |
r-oldrel-macos-x86_64 | 1.3.0 | OK | ||||
r-oldrel-windows-ix86+x86_64 | 1.3.0 | 56.00 | 259.00 | 315.00 | OK |
Version: 1.3.0
Check: whether package can be installed
Result: WARN
Found the following significant warnings:
Rd warning: /tmp/RtmpljGj2k/R.INSTALL398e5d5c7a6e/plsRglm/man/plots.confints.bootpls.Rd:42: file link ‘plot’ in package ‘graphics’ does not exist and so has been treated as a topic
Rd warning: /tmp/RtmpljGj2k/R.INSTALL398e5d5c7a6e/plsRglm/man/plots.confints.bootpls.Rd:44: file link ‘plot’ in package ‘graphics’ does not exist and so has been treated as a topic
Rd warning: /tmp/RtmpljGj2k/R.INSTALL398e5d5c7a6e/plsRglm/man/plots.confints.bootpls.Rd:63: file link ‘plot’ in package ‘graphics’ does not exist and so has been treated as a topic
Flavor: r-patched-linux-x86_64