CRAN Package Check Results for Package plotdap

Last updated on 2019-10-20 06:47:01 CEST.

Flavor Version Tinstall Tcheck Ttotal Status Flags
r-devel-linux-x86_64-debian-clang 0.0.4 12.76 208.12 220.88 OK
r-devel-linux-x86_64-debian-gcc 0.0.4 11.57 150.39 161.96 OK
r-devel-linux-x86_64-fedora-clang 0.0.4 254.78 OK
r-devel-linux-x86_64-fedora-gcc 0.0.4 259.64 OK
r-devel-windows-ix86+x86_64 0.0.4 27.00 84.00 111.00 OK --no-vignettes
r-patched-linux-x86_64 0.0.4 13.38 189.78 203.16 OK
r-patched-solaris-x86 0.0.4 359.30 OK
r-release-linux-x86_64 0.0.4 11.82 192.57 204.39 OK
r-release-windows-ix86+x86_64 0.0.4 38.00 108.00 146.00 OK --no-vignettes
r-release-osx-x86_64 0.0.4 WARN
r-oldrel-windows-ix86+x86_64 0.0.3 16.00 199.00 215.00 OK --no-vignettes
r-oldrel-osx-x86_64 0.0.4 ERROR

Check Details

Version: 0.0.4
Check: re-building of vignette outputs
Result: WARN
    Error(s) in re-building vignettes:
     ...
    --- re-building ‘using_plotdap.Rmd’ using rmarkdown
    Warning in engine$weave(file, quiet = quiet, encoding = enc) :
     Pandoc (>= 1.12.3) and/or pandoc-citeproc not available. Falling back to R Markdown v1.
    Quitting from lines 138-146 (using_plotdap.Rmd)
    Error: processing vignette 'using_plotdap.Rmd' failed with diagnostics:
    Failed to open file /Users/urbanek/Library/Caches/R/rerddap/d3691d4726dcf37b41ff22352dc3ac7e.nc.
    --- failed re-building ‘using_plotdap.Rmd’
    
    SUMMARY: processing the following file failed:
     ‘using_plotdap.Rmd’
    
    Error: Vignette re-building failed.
    Execution halted
Flavor: r-release-osx-x86_64

Version: 0.0.4
Check: whether package can be installed
Result: ERROR
    Installation failed.
Flavor: r-oldrel-osx-x86_64