CRAN Package Check Results for Package plotdap

Last updated on 2019-07-19 19:46:53 CEST.

Flavor Version Tinstall Tcheck Ttotal Status Flags
r-devel-linux-x86_64-debian-clang 0.0.2 13.27 207.88 221.15 NOTE
r-devel-linux-x86_64-debian-gcc 0.0.2 11.68 153.90 165.58 NOTE
r-devel-linux-x86_64-fedora-clang 0.0.2 235.47 NOTE
r-devel-linux-x86_64-fedora-gcc 0.0.2 239.28 NOTE
r-devel-windows-ix86+x86_64 0.0.2 34.00 104.00 138.00 NOTE --no-vignettes
r-patched-linux-x86_64 0.0.2 11.22 194.41 205.63 OK
r-patched-solaris-x86 0.0.2 270.00 WARN
r-release-linux-x86_64 0.0.2 12.96 197.20 210.16 OK
r-release-windows-ix86+x86_64 0.0.2 24.00 106.00 130.00 OK --no-vignettes
r-release-osx-x86_64 0.0.2 NOTE
r-oldrel-windows-ix86+x86_64 0.0.2 18.00 152.00 170.00 OK --no-vignettes
r-oldrel-osx-x86_64 0.0.2 NOTE

Check Details

Version: 0.0.2
Check: package vignettes
Result: NOTE
    Package vignette with placeholder title 'Vignette Title':
     'using_plotdap.Rmd'
Flavors: r-devel-linux-x86_64-debian-clang, r-devel-linux-x86_64-debian-gcc

Version: 0.0.2
Check: dependencies in R code
Result: NOTE
    Namespaces in Imports field not imported from:
     ‘mapdata’ ‘maptools’ ‘plot3D’ ‘rgdal’ ‘rgeos’
     All declared Imports should be used.
Flavors: r-devel-linux-x86_64-fedora-clang, r-devel-linux-x86_64-fedora-gcc, r-patched-solaris-x86, r-release-osx-x86_64, r-oldrel-osx-x86_64

Version: 0.0.2
Flags: --no-vignettes
Check: package vignettes
Result: NOTE
    Package vignette with placeholder title 'Vignette Title':
     'using_plotdap.Rmd'
Flavor: r-devel-windows-ix86+x86_64

Version: 0.0.2
Check: re-building of vignette outputs
Result: WARN
    Error(s) in re-building vignettes:
     ...
    --- re-building ‘using_plotdap.Rmd’ using rmarkdown
    Warning in engine$weave(file, quiet = quiet, encoding = enc) :
     Pandoc (>= 1.12.3) and/or pandoc-citeproc not available. Falling back to R Markdown v1.
    Quitting from lines 138-146 (using_plotdap.Rmd)
    Error: processing vignette 'using_plotdap.Rmd' failed with diagnostics:
    Timeout was reached: Connection timed out after 10000 milliseconds
    --- failed re-building ‘using_plotdap.Rmd’
    
    SUMMARY: processing the following file failed:
     ‘using_plotdap.Rmd’
    
    Error: Vignette re-building failed.
    Execution halted
Flavor: r-patched-solaris-x86