CRAN Package Check Results for Package pkr

Last updated on 2019-08-18 07:48:58 CEST.

Flavor Version Tinstall Tcheck Ttotal Status Flags
r-devel-linux-x86_64-debian-clang 0.1.2 5.04 43.07 48.11 NOTE
r-devel-linux-x86_64-debian-gcc 0.1.2 3.58 33.89 37.47 NOTE
r-devel-linux-x86_64-fedora-clang 0.1.2 57.64 NOTE
r-devel-linux-x86_64-fedora-gcc 0.1.2 55.51 NOTE
r-devel-windows-ix86+x86_64 0.1.2 15.00 63.00 78.00 OK
r-patched-linux-x86_64 0.1.2 5.09 42.96 48.05 OK
r-patched-solaris-x86 0.1.2 80.20 OK
r-release-linux-x86_64 0.1.2 4.44 43.13 47.57 OK
r-release-windows-ix86+x86_64 0.1.2 9.00 57.00 66.00 OK
r-release-osx-x86_64 0.1.2 OK
r-oldrel-windows-ix86+x86_64 0.1.2 10.00 81.00 91.00 OK
r-oldrel-osx-x86_64 0.1.2 OK

Check Details

Version: 0.1.2
Check: for non-standard things in the check directory
Result: NOTE
    Found the following files/directories:
     'Indometh_Bolus_Linear_CoreOutput.txt'
     'Indometh_Bolus_Log_CoreOutput.txt'
     'Indometh_Infusion_Linear_CoreOutput.txt'
     'Indometh_Infusion_Log_CoreOutput.txt' 'Output'
     'Theoph_Linear_CoreOutput.txt' 'Theoph_Log_CoreOutput.txt'
Flavors: r-devel-linux-x86_64-debian-clang, r-devel-linux-x86_64-debian-gcc, r-devel-linux-x86_64-fedora-clang, r-devel-linux-x86_64-fedora-gcc