CRAN Package Check Results for Package pkr

Last updated on 2019-06-17 19:47:16 CEST.

Flavor Version Tinstall Tcheck Ttotal Status Flags
r-devel-linux-x86_64-debian-clang 0.1.2 4.95 42.60 47.55 NOTE
r-devel-linux-x86_64-debian-gcc 0.1.2 4.08 33.96 38.04 NOTE
r-devel-linux-x86_64-fedora-clang 0.1.2 56.63 NOTE
r-devel-linux-x86_64-fedora-gcc 0.1.2 54.95 NOTE
r-devel-windows-ix86+x86_64 0.1.2 13.00 57.00 70.00 OK
r-patched-linux-x86_64 0.1.2 4.44 42.97 47.41 OK
r-patched-solaris-x86 0.1.2 79.50 OK
r-release-linux-x86_64 0.1.2 5.50 43.38 48.88 OK
r-release-windows-ix86+x86_64 0.1.2 9.00 79.00 88.00 OK
r-release-osx-x86_64 0.1.2 OK
r-oldrel-windows-ix86+x86_64 0.1.2 7.00 80.00 87.00 OK
r-oldrel-osx-x86_64 0.1.2 OK

Check Details

Version: 0.1.2
Check: for non-standard things in the check directory
Result: NOTE
    Found the following files/directories:
     'Indometh_Bolus_Linear_CoreOutput.txt'
     'Indometh_Bolus_Log_CoreOutput.txt'
     'Indometh_Infusion_Linear_CoreOutput.txt'
     'Indometh_Infusion_Log_CoreOutput.txt' 'Output'
     'Theoph_Linear_CoreOutput.txt' 'Theoph_Log_CoreOutput.txt'
Flavors: r-devel-linux-x86_64-debian-clang, r-devel-linux-x86_64-debian-gcc, r-devel-linux-x86_64-fedora-clang, r-devel-linux-x86_64-fedora-gcc