CRAN Package Check Results for Package pkr

Last updated on 2020-07-04 19:47:39 CEST.

Flavor Version Tinstall Tcheck Ttotal Status Flags
r-devel-linux-x86_64-debian-clang 0.1.2 7.25 47.44 54.69 NOTE
r-devel-linux-x86_64-debian-gcc 0.1.2 4.73 36.37 41.10 NOTE
r-devel-linux-x86_64-fedora-clang 0.1.2 71.66 NOTE
r-devel-linux-x86_64-fedora-gcc 0.1.2 61.81 NOTE
r-devel-windows-ix86+x86_64 0.1.2 16.00 60.00 76.00 OK
r-patched-linux-x86_64 0.1.2 6.05 47.18 53.23 NOTE
r-patched-solaris-x86 0.1.2 82.90 NOTE
r-release-linux-x86_64 0.1.2 5.32 47.17 52.49 NOTE
r-release-osx-x86_64 0.1.2 OK
r-release-windows-ix86+x86_64 0.1.2 11.00 62.00 73.00 OK
r-oldrel-osx-x86_64 0.1.2 OK
r-oldrel-windows-ix86+x86_64 0.1.2 11.00 69.00 80.00 OK

Check Details

Version: 0.1.2
Check: for non-standard things in the check directory
Result: NOTE
    Found the following files/directories:
     'Indometh_Bolus_Linear_CoreOutput.txt'
     'Indometh_Bolus_Log_CoreOutput.txt'
     'Indometh_Infusion_Linear_CoreOutput.txt'
     'Indometh_Infusion_Log_CoreOutput.txt' 'Output'
     'Theoph_Linear_CoreOutput.txt' 'Theoph_Log_CoreOutput.txt'
Flavors: r-devel-linux-x86_64-debian-clang, r-devel-linux-x86_64-debian-gcc, r-devel-linux-x86_64-fedora-clang, r-devel-linux-x86_64-fedora-gcc, r-patched-linux-x86_64, r-patched-solaris-x86, r-release-linux-x86_64