CRAN Package Check Results for Package phantom

Last updated on 2019-08-18 07:48:57 CEST.

Flavor Version Tinstall Tcheck Ttotal Status Flags
r-devel-linux-x86_64-debian-clang 0.1.3 35.16 111.96 147.12 OK
r-devel-linux-x86_64-debian-gcc 0.1.3 31.68 86.72 118.40 OK
r-devel-linux-x86_64-fedora-clang 0.1.3 193.78 OK
r-devel-linux-x86_64-fedora-gcc 0.1.3 194.53 OK
r-devel-windows-ix86+x86_64 0.1.3 108.00 178.00 286.00 OK
r-patched-linux-x86_64 0.1.3 32.93 106.73 139.66 OK
r-patched-solaris-x86 0.1.3 279.30 OK
r-release-linux-x86_64 0.1.3 33.68 106.30 139.98 OK
r-release-windows-ix86+x86_64 0.1.3 87.00 169.00 256.00 OK
r-release-osx-x86_64 0.1.3 ERROR
r-oldrel-windows-ix86+x86_64 0.1.3 96.00 212.00 308.00 OK
r-oldrel-osx-x86_64 0.1.3 OK

Check Details

Version: 0.1.3
Check: package dependencies
Result: ERROR
    Package required but not available: ‘qusage’
    
    See section ‘The DESCRIPTION file’ in the ‘Writing R Extensions’
    manual.
Flavor: r-release-osx-x86_64