CRAN Package Check Results for Package phantom

Last updated on 2019-06-17 19:47:16 CEST.

Flavor Version Tinstall Tcheck Ttotal Status Flags
r-devel-linux-x86_64-debian-clang 0.1.3 35.32 110.51 145.83 OK
r-devel-linux-x86_64-debian-gcc 0.1.3 28.98 87.64 116.62 OK
r-devel-linux-x86_64-fedora-clang 0.1.3 189.35 OK
r-devel-linux-x86_64-fedora-gcc 0.1.3 179.16 OK
r-devel-windows-ix86+x86_64 0.1.3 115.00 231.00 346.00 OK
r-patched-linux-x86_64 0.1.3 34.24 107.59 141.83 OK
r-patched-solaris-x86 0.1.3 268.40 OK
r-release-linux-x86_64 0.1.3 34.76 106.64 141.40 OK
r-release-windows-ix86+x86_64 0.1.3 80.00 219.00 299.00 OK
r-release-osx-x86_64 0.1.3 ERROR
r-oldrel-windows-ix86+x86_64 0.1.3 59.00 228.00 287.00 OK
r-oldrel-osx-x86_64 0.1.3 OK

Check Details

Version: 0.1.3
Check: package dependencies
Result: ERROR
    Package required but not available: ‘qusage’
    
    See section ‘The DESCRIPTION file’ in the ‘Writing R Extensions’
    manual.
Flavor: r-release-osx-x86_64