CRAN Package Check Results for Package penalized

Last updated on 2019-09-22 07:48:22 CEST.

Flavor Version Tinstall Tcheck Ttotal Status Flags
r-devel-linux-x86_64-debian-clang 0.9-51 75.82 102.68 178.50 OK
r-devel-linux-x86_64-debian-gcc 0.9-51 63.63 79.83 143.46 OK
r-devel-linux-x86_64-fedora-clang 0.9-51 271.16 NOTE
r-devel-linux-x86_64-fedora-gcc 0.9-51 244.29 OK
r-devel-windows-ix86+x86_64 0.9-51 183.00 181.00 364.00 OK
r-patched-linux-x86_64 0.9-51 68.02 100.58 168.60 OK
r-patched-solaris-x86 0.9-51 285.00 OK
r-release-linux-x86_64 0.9-51 70.62 101.55 172.17 OK
r-release-windows-ix86+x86_64 0.9-51 139.00 134.00 273.00 OK
r-release-osx-x86_64 0.9-51 NOTE
r-oldrel-windows-ix86+x86_64 0.9-51 117.00 137.00 254.00 OK
r-oldrel-osx-x86_64 0.9-51 NOTE

Check Details

Version: 0.9-51
Check: installed package size
Result: NOTE
     installed size is 5.8Mb
     sub-directories of 1Mb or more:
     libs 4.9Mb
Flavors: r-devel-linux-x86_64-fedora-clang, r-release-osx-x86_64, r-oldrel-osx-x86_64

Version: 0.9-51
Check: package dependencies
Result: NOTE
    Package suggested but not available for checking: ‘globaltest’
Flavor: r-release-osx-x86_64