Last updated on 2025-06-14 12:48:33 CEST.
Flavor | Version | Tinstall | Tcheck | Ttotal | Status | Flags |
---|---|---|---|---|---|---|
r-devel-linux-x86_64-debian-clang | 0.9.0 | 164.97 | 302.82 | 467.79 | OK | |
r-devel-linux-x86_64-debian-gcc | 0.9.0 | 91.46 | 200.22 | 291.68 | OK | |
r-devel-linux-x86_64-fedora-clang | 0.9.0 | 689.39 | OK | |||
r-devel-linux-x86_64-fedora-gcc | 0.9.0 | 720.67 | OK | |||
r-devel-windows-x86_64 | 0.9.0 | 151.00 | 725.00 | 876.00 | OK | |
r-patched-linux-x86_64 | 0.9.0 | 177.13 | 282.58 | 459.71 | OK | |
r-release-linux-x86_64 | 0.9.0 | 149.69 | 283.95 | 433.64 | OK | |
r-release-macos-arm64 | 0.9.0 | 185.00 | OK | |||
r-release-macos-x86_64 | 0.9.0 | 374.00 | OK | |||
r-release-windows-x86_64 | 0.9.0 | 148.00 | 787.00 | 935.00 | OK | |
r-oldrel-macos-arm64 | 0.9.0 | 161.00 | NOTE | |||
r-oldrel-macos-x86_64 | 0.9.0 | 322.00 | NOTE | |||
r-oldrel-windows-x86_64 | 0.9.0 | 220.00 | 584.00 | 804.00 | NOTE |
Version: 0.9.0
Check: installed package size
Result: NOTE
installed size is 8.0Mb
sub-directories of 1Mb or more:
R 4.1Mb
help 3.8Mb
Flavors: r-oldrel-macos-arm64, r-oldrel-macos-x86_64, r-oldrel-windows-x86_64