CRAN Package Check Results for Package patternplot

Last updated on 2019-09-24 07:48:41 CEST.

Flavor Version Tinstall Tcheck Ttotal Status Flags
r-devel-linux-x86_64-debian-clang 0.2.1 28.57 140.40 168.97 NOTE
r-devel-linux-x86_64-debian-gcc 0.2.1 23.90 97.33 121.23 NOTE
r-devel-linux-x86_64-fedora-clang 0.2.1 207.30 NOTE
r-devel-linux-x86_64-fedora-gcc 0.2.1 198.06 NOTE
r-devel-windows-ix86+x86_64 0.2.1 96.00 263.00 359.00 NOTE
r-patched-linux-x86_64 0.2.1 29.44 131.22 160.66 NOTE
r-patched-solaris-x86 0.2.1 265.70 NOTE
r-release-linux-x86_64 0.2.1 26.32 131.27 157.59 NOTE
r-release-windows-ix86+x86_64 0.2.1 112.00 252.00 364.00 NOTE
r-release-osx-x86_64 0.2.1 NOTE
r-oldrel-windows-ix86+x86_64 0.2.1 64.00 181.00 245.00 NOTE
r-oldrel-osx-x86_64 0.2.1 NOTE

Check Details

Version: 0.2.1
Check: for GNU extensions in Makefiles
Result: NOTE
    GNU make is a SystemRequirements.
Flavors: r-devel-linux-x86_64-debian-clang, r-devel-linux-x86_64-debian-gcc, r-devel-linux-x86_64-fedora-clang, r-devel-linux-x86_64-fedora-gcc, r-devel-windows-ix86+x86_64, r-patched-linux-x86_64, r-patched-solaris-x86, r-release-linux-x86_64, r-release-windows-ix86+x86_64, r-release-osx-x86_64, r-oldrel-windows-ix86+x86_64, r-oldrel-osx-x86_64