CRAN Package Check Results for Package patternplot

Last updated on 2019-06-25 19:49:51 CEST.

Flavor Version Tinstall Tcheck Ttotal Status Flags
r-devel-linux-x86_64-debian-clang 0.2.1 25.47 137.78 163.25 NOTE
r-devel-linux-x86_64-debian-gcc 0.2.1 23.38 94.63 118.01 NOTE
r-devel-linux-x86_64-fedora-clang 0.2.1 203.53 NOTE
r-devel-linux-x86_64-fedora-gcc 0.2.1 189.44 NOTE
r-devel-windows-ix86+x86_64 0.2.1 94.00 194.00 288.00 NOTE
r-patched-linux-x86_64 0.2.1 27.51 127.75 155.26 NOTE
r-patched-solaris-x86 0.2.1 202.10 NOTE
r-release-linux-x86_64 0.2.1 28.17 124.96 153.13 NOTE
r-release-windows-ix86+x86_64 0.2.1 73.00 253.00 326.00 NOTE
r-release-osx-x86_64 0.2.1 NOTE
r-oldrel-windows-ix86+x86_64 0.2.1 59.00 176.00 235.00 NOTE
r-oldrel-osx-x86_64 0.2.1 NOTE

Check Details

Version: 0.2.1
Check: for GNU extensions in Makefiles
Result: NOTE
    GNU make is a SystemRequirements.
Flavors: r-devel-linux-x86_64-debian-clang, r-devel-linux-x86_64-debian-gcc, r-devel-linux-x86_64-fedora-clang, r-devel-linux-x86_64-fedora-gcc, r-devel-windows-ix86+x86_64, r-patched-linux-x86_64, r-patched-solaris-x86, r-release-linux-x86_64, r-release-windows-ix86+x86_64, r-release-osx-x86_64, r-oldrel-windows-ix86+x86_64, r-oldrel-osx-x86_64