CRAN Package Check Results for Package party

Last updated on 2019-11-17 17:49:13 CET.

Flavor Version Tinstall Tcheck Ttotal Status Flags
r-devel-linux-x86_64-debian-clang 1.3-3 20.15 183.73 203.88 OK
r-devel-linux-x86_64-debian-gcc 1.3-3 15.27 135.68 150.95 OK
r-devel-linux-x86_64-fedora-clang 1.3-3 235.67 NOTE
r-devel-linux-x86_64-fedora-gcc 1.3-3 234.98 NOTE
r-devel-windows-ix86+x86_64 1.3-3 63.00 362.00 425.00 OK
r-patched-linux-x86_64 1.3-3 14.20 169.33 183.53 OK
r-patched-solaris-x86 1.3-3 350.40 OK
r-release-linux-x86_64 1.3-3 17.83 169.68 187.51 OK
r-release-windows-ix86+x86_64 1.3-3 44.00 274.00 318.00 OK
r-release-osx-x86_64 1.3-3 OK
r-oldrel-windows-ix86+x86_64 1.3-3 38.00 382.00 420.00 OK
r-oldrel-osx-x86_64 1.3-3 OK

Check Details

Version: 1.3-3
Check: top-level files
Result: NOTE
    ‘cleanup’: /bin/bash is not portable
Flavors: r-devel-linux-x86_64-fedora-clang, r-devel-linux-x86_64-fedora-gcc