CRAN Package Check Results for Package parsemsf

Last updated on 2019-09-24 07:48:41 CEST.

Flavor Version Tinstall Tcheck Ttotal Status Flags
r-devel-linux-x86_64-debian-clang 0.1.1 4.05 45.15 49.20 OK
r-devel-linux-x86_64-debian-gcc 0.1.1 3.50 34.46 37.96 OK
r-devel-linux-x86_64-fedora-clang 0.1.1 58.03 NOTE
r-devel-linux-x86_64-fedora-gcc 0.1.1 57.34 NOTE
r-devel-windows-ix86+x86_64 0.1.1 20.00 89.00 109.00 OK
r-patched-linux-x86_64 0.1.1 3.61 42.16 45.77 OK
r-patched-solaris-x86 0.1.1 85.10 NOTE
r-release-linux-x86_64 0.1.1 3.93 43.41 47.34 OK
r-release-windows-ix86+x86_64 0.1.1 17.00 82.00 99.00 OK
r-release-osx-x86_64 0.1.1 NOTE
r-oldrel-windows-ix86+x86_64 0.1.1 5.00 54.00 59.00 OK
r-oldrel-osx-x86_64 0.1.1 NOTE

Check Details

Version: 0.1.1
Check: dependencies in R code
Result: NOTE
    Namespace in Imports field not imported from: ‘dbplyr’
     All declared Imports should be used.
Flavors: r-devel-linux-x86_64-fedora-clang, r-devel-linux-x86_64-fedora-gcc, r-patched-solaris-x86, r-release-osx-x86_64, r-oldrel-osx-x86_64