CRAN Package Check Results for Package parsemsf

Last updated on 2019-06-26 07:49:22 CEST.

Flavor Version Tinstall Tcheck Ttotal Status Flags
r-devel-linux-x86_64-debian-clang 0.1.1 3.60 43.08 46.68 OK
r-devel-linux-x86_64-debian-gcc 0.1.1 3.01 33.97 36.98 OK
r-devel-linux-x86_64-fedora-clang 0.1.1 55.41 NOTE
r-devel-linux-x86_64-fedora-gcc 0.1.1 52.93 NOTE
r-devel-windows-ix86+x86_64 0.1.1 17.00 60.00 77.00 OK
r-patched-linux-x86_64 0.1.1 3.10 41.91 45.01 OK
r-patched-solaris-x86 0.1.1 91.60 NOTE
r-release-linux-x86_64 0.1.1 3.73 42.61 46.34 OK
r-release-windows-ix86+x86_64 0.1.1 9.00 64.00 73.00 OK
r-release-osx-x86_64 0.1.1 NOTE
r-oldrel-windows-ix86+x86_64 0.1.1 5.00 55.00 60.00 OK
r-oldrel-osx-x86_64 0.1.1 NOTE

Check Details

Version: 0.1.1
Check: dependencies in R code
Result: NOTE
    Namespace in Imports field not imported from: ‘dbplyr’
     All declared Imports should be used.
Flavors: r-devel-linux-x86_64-fedora-clang, r-devel-linux-x86_64-fedora-gcc, r-patched-solaris-x86, r-release-osx-x86_64, r-oldrel-osx-x86_64