CRAN Package Check Results for Package parlitools

Last updated on 2019-06-19 19:46:47 CEST.

Flavor Version Tinstall Tcheck Ttotal Status Flags
r-devel-linux-x86_64-debian-clang 0.3.3 7.40 230.89 238.29 OK
r-devel-linux-x86_64-debian-gcc 0.3.3 6.51 162.12 168.63 OK
r-devel-linux-x86_64-fedora-clang 0.3.3 269.95 NOTE
r-devel-linux-x86_64-fedora-gcc 0.3.3 255.65 NOTE
r-devel-windows-ix86+x86_64 0.3.3 33.00 312.00 345.00 OK
r-patched-linux-x86_64 0.3.3 8.07 224.91 232.98 OK
r-patched-solaris-x86 0.3.3 141.70 NOTE --no-vignettes
r-release-linux-x86_64 0.3.3 8.01 223.35 231.36 OK
r-release-windows-ix86+x86_64 0.3.3 27.00 304.00 331.00 OK
r-release-osx-x86_64 0.3.3 WARN
r-oldrel-windows-ix86+x86_64 0.3.3 10.00 309.00 319.00 OK
r-oldrel-osx-x86_64 0.3.3 WARN

Check Details

Version: 0.3.3
Check: data for non-ASCII characters
Result: NOTE
     Note: found 13 marked UTF-8 strings
Flavors: r-devel-linux-x86_64-fedora-clang, r-devel-linux-x86_64-fedora-gcc, r-release-osx-x86_64, r-oldrel-osx-x86_64

Version: 0.3.3
Flags: --no-vignettes
Check: data for non-ASCII characters
Result: NOTE
     Note: found 13 marked UTF-8 strings
Flavor: r-patched-solaris-x86

Version: 0.3.3
Check: re-building of vignette outputs
Result: WARN
    Error(s) in re-building vignettes:
    --- re-building ‘bes-2015.Rmd’ using rmarkdown
    Warning in engine$weave(file, quiet = quiet, encoding = enc) :
     Pandoc (>= 1.12.3) and/or pandoc-citeproc not available. Falling back to R Markdown v1.
    --- finished re-building ‘bes-2015.Rmd’
    
    --- re-building ‘bes-2017.Rmd’ using rmarkdown
    Warning in engine$weave(file, quiet = quiet, encoding = enc) :
     Pandoc (>= 1.12.3) and/or pandoc-citeproc not available. Falling back to R Markdown v1.
    --- finished re-building ‘bes-2017.Rmd’
    
    --- re-building ‘census-11.Rmd’ using rmarkdown
    Warning in engine$weave(file, quiet = quiet, encoding = enc) :
     Pandoc (>= 1.12.3) and/or pandoc-citeproc not available. Falling back to R Markdown v1.
    --- finished re-building ‘census-11.Rmd’
    
    --- re-building ‘introduction.Rmd’ using rmarkdown
    Warning in engine$weave(file, quiet = quiet, encoding = enc) :
     Pandoc (>= 1.12.3) and/or pandoc-citeproc not available. Falling back to R Markdown v1.
    Linking to GEOS 3.6.1, GDAL 2.1.3, PROJ 4.9.3
    
    Attaching package: 'dplyr'
    
    The following objects are masked from 'package:stats':
    
     filter, lag
    
    The following objects are masked from 'package:base':
    
     intersect, setdiff, setequal, union
    
    Downloading constituency data
    PhantomJS not found. You can install it with webshot::install_phantomjs(). If it is installed, please make sure the phantomjs executable can be found via the PATH variable.
    Warning in normalizePath(f2) :
     path[1]="webshot1120c561e20f1.png": No such file or directory
    Warning in file(con, "rb") :
     cannot open file 'webshot1120c561e20f1.png': No such file or directory
    Quitting from lines 65-110 (introduction.Rmd)
    Error: processing vignette 'introduction.Rmd' failed with diagnostics:
    cannot open the connection
    --- failed re-building ‘introduction.Rmd’
    
    --- re-building ‘mapping-local-authorities.Rmd’ using rmarkdown
    Warning in engine$weave(file, quiet = quiet, encoding = enc) :
     Pandoc (>= 1.12.3) and/or pandoc-citeproc not available. Falling back to R Markdown v1.
    Linking to GEOS 3.6.1, GDAL 2.1.3, PROJ 4.9.3
    
    Attaching package: 'dplyr'
    
    The following objects are masked from 'package:stats':
    
     filter, lag
    
    The following objects are masked from 'package:base':
    
     intersect, setdiff, setequal, union
    
    Joining, by = "name"
    Warning: Column `majority_party`/`party_name` joining character vector and factor, coercing into character vector
    PhantomJS not found. You can install it with webshot::install_phantomjs(). If it is installed, please make sure the phantomjs executable can be found via the PATH variable.
    Warning in normalizePath(f2) :
     path[1]="webshot1121a44e32c24.png": No such file or directory
    Warning in file(con, "rb") :
     cannot open file 'webshot1121a44e32c24.png': No such file or directory
    Quitting from lines 18-66 (mapping-local-authorities.Rmd)
    Error: processing vignette 'mapping-local-authorities.Rmd' failed with diagnostics:
    cannot open the connection
    --- failed re-building ‘mapping-local-authorities.Rmd’
    
    --- re-building ‘using-cartograms.Rmd’ using rmarkdown
    Warning in engine$weave(file, quiet = quiet, encoding = enc) :
     Pandoc (>= 1.12.3) and/or pandoc-citeproc not available. Falling back to R Markdown v1.
    Linking to GEOS 3.6.1, GDAL 2.1.3, PROJ 4.9.3
    
    Attaching package: 'dplyr'
    
    The following objects are masked from 'package:stats':
    
     filter, lag
    
    The following objects are masked from 'package:base':
    
     intersect, setdiff, setequal, union
    
    Warning: Column `winner_17`/`party_name` joining factors with different levels, coercing to character vector
    Warning in RGEOSMiscFunc(spgeom, byid, "rgeos_area") :
     Spatial object is not projected; GEOS expects planar coordinates
    Warning in RGEOSMiscFunc(spgeom, byid, "rgeos_area") :
     Spatial object is not projected; GEOS expects planar coordinates
    Warning in RGEOSMiscFunc(spgeom, byid, "rgeos_area") :
     Spatial object is not projected; GEOS expects planar coordinates
    Warning in RGEOSMiscFunc(spgeom, byid, "rgeos_area") :
     Spatial object is not projected; GEOS expects planar coordinates
    Mean size error for iteration 1: 1.84531493905147
    Warning in RGEOSMiscFunc(spgeom, byid, "rgeos_area") :
     Spatial object is not projected; GEOS expects planar coordinates
    Warning in RGEOSMiscFunc(spgeom, byid, "rgeos_area") :
     Spatial object is not projected; GEOS expects planar coordinates
    Mean size error for iteration 2: 1.58187122064144
    Warning in RGEOSMiscFunc(spgeom, byid, "rgeos_area") :
     Spatial object is not projected; GEOS expects planar coordinates
    Warning in RGEOSMiscFunc(spgeom, byid, "rgeos_area") :
     Spatial object is not projected; GEOS expects planar coordinates
    Mean size error for iteration 3: 1.38843407779149
    Warning in RGEOSMiscFunc(spgeom, byid, "rgeos_area") :
     Spatial object is not projected; GEOS expects planar coordinates
    Warning in RGEOSMiscFunc(spgeom, byid, "rgeos_area") :
     Spatial object is not projected; GEOS expects planar coordinates
    Mean size error for iteration 4: 1.25207736302913
    Warning in RGEOSMiscFunc(spgeom, byid, "rgeos_area") :
     Spatial object is not projected; GEOS expects planar coordinates
    Warning in RGEOSMiscFunc(spgeom, byid, "rgeos_area") :
     Spatial object is not projected; GEOS expects planar coordinates
    Mean size error for iteration 5: 1.16058515692674
    PhantomJS not found. You can install it with webshot::install_phantomjs(). If it is installed, please make sure the phantomjs executable can be found via the PATH variable.
    Warning in normalizePath(f2) :
     path[1]="webshot11228274bbb5b.png": No such file or directory
    Warning in file(con, "rb") :
     cannot open file 'webshot11228274bbb5b.png': No such file or directory
    Quitting from lines 25-82 (using-cartograms.Rmd)
    Error: processing vignette 'using-cartograms.Rmd' failed with diagnostics:
    cannot open the connection
    --- failed re-building ‘using-cartograms.Rmd’
    
    SUMMARY: processing the following files failed:
     ‘introduction.Rmd’ ‘mapping-local-authorities.Rmd’
     ‘using-cartograms.Rmd’
    
    Error: Vignette re-building failed.
    Execution halted
Flavor: r-release-osx-x86_64

Version: 0.3.3
Check: re-building of vignette outputs
Result: WARN
    Error in re-building vignettes:
     ...
     Pandoc (>= 1.12.3) and/or pandoc-citeproc not available. Falling back to R Markdown v1.
    Warning in engine$weave(file, quiet = quiet, encoding = enc) :
     Pandoc (>= 1.12.3) and/or pandoc-citeproc not available. Falling back to R Markdown v1.
    Linking to GEOS 3.6.1, GDAL 2.1.3, PROJ 4.9.3
    
    Attaching package: 'dplyr'
    
    The following objects are masked from 'package:stats':
    
     filter, lag
    
    The following objects are masked from 'package:base':
    
     intersect, setdiff, setequal, union
    
    Downloading constituency data
    PhantomJS not found. You can install it with webshot::install_phantomjs(). If it is installed, please make sure the phantomjs executable can be found via the PATH variable.
    Warning in normalizePath(f2) :
     path[1]="webshotdcd6b7398b.png": No such file or directory
    Warning in file(con, "rb") :
     cannot open file 'webshotdcd6b7398b.png': No such file or directory
    Quitting from lines 65-110 (introduction.Rmd)
    Error: processing vignette 'introduction.Rmd' failed with diagnostics:
    cannot open the connection
    Execution halted
Flavor: r-oldrel-osx-x86_64