CRAN Package Check Results for Package pander

Last updated on 2019-06-20 05:48:36 CEST.

Flavor Version Tinstall Tcheck Ttotal Status Flags
r-devel-linux-x86_64-debian-clang 0.6.3 28.02 75.67 103.69 OK
r-devel-linux-x86_64-debian-gcc 0.6.3 23.05 60.18 83.23 OK
r-devel-linux-x86_64-fedora-clang 0.6.3 134.14 OK
r-devel-linux-x86_64-fedora-gcc 0.6.3 125.60 OK
r-devel-windows-ix86+x86_64 0.6.3 76.00 157.00 233.00 OK
r-patched-linux-x86_64 0.6.3 28.11 74.98 103.09 OK
r-patched-solaris-x86 0.6.3 157.10 OK
r-release-linux-x86_64 0.6.3 28.16 75.54 103.70 OK
r-release-windows-ix86+x86_64 0.6.3 59.00 143.00 202.00 OK
r-release-osx-x86_64 0.6.3 WARN
r-oldrel-windows-ix86+x86_64 0.6.3 70.00 133.00 203.00 OK
r-oldrel-osx-x86_64 0.6.3 OK

Check Details

Version: 0.6.3
Check: re-building of vignette outputs
Result: WARN
    Error(s) in re-building vignettes:
    --- re-building ‘evals.Rmd’ using rmarkdown
    Warning in engine$weave(file, quiet = quiet, encoding = enc) :
     Pandoc (>= 1.12.3) and/or pandoc-citeproc not available. Falling back to R Markdown v1.
    Quitting from lines 13-19 (evals.Rmd)
    Error: processing vignette 'evals.Rmd' failed with diagnostics:
    package or namespace load failed for 'futile.logger' in loadNamespace(j <- i[[1L]], c(lib.loc, .libPaths()), versionCheck = vI[[j]]):
     there is no package called 'formatR'
    --- failed re-building ‘evals.Rmd’
    
    --- re-building ‘knitr.Rmd’ using rmarkdown
    Warning in engine$weave(file, quiet = quiet, encoding = enc) :
     Pandoc (>= 1.12.3) and/or pandoc-citeproc not available. Falling back to R Markdown v1.
    --- finished re-building ‘knitr.Rmd’
    
    --- re-building ‘pander.Rmd’ using rmarkdown
    Warning in engine$weave(file, quiet = quiet, encoding = enc) :
     Pandoc (>= 1.12.3) and/or pandoc-citeproc not available. Falling back to R Markdown v1.
    Loading required package: Hmisc
    Loading required package: lattice
    Loading required package: survival
    Loading required package: Formula
    Loading required package: ggplot2
    
    Attaching package: 'Hmisc'
    
    The following objects are masked from 'package:base':
    
     format.pval, units
    
    --- finished re-building ‘pander.Rmd’
    
    --- re-building ‘pandoc_table.Rmd’ using rmarkdown
    Warning in engine$weave(file, quiet = quiet, encoding = enc) :
     Pandoc (>= 1.12.3) and/or pandoc-citeproc not available. Falling back to R Markdown v1.
    --- finished re-building ‘pandoc_table.Rmd’
    
    SUMMARY: processing the following file failed:
     ‘evals.Rmd’
    
    Error: Vignette re-building failed.
    Execution halted
Flavor: r-release-osx-x86_64