CRAN Package Check Results for Package paletteer

Last updated on 2019-09-22 19:51:26 CEST.

Flavor Version Tinstall Tcheck Ttotal Status Flags
r-devel-linux-x86_64-debian-clang 0.2.1 2.27 24.61 26.88 OK
r-devel-linux-x86_64-debian-gcc 0.2.1 1.97 19.44 21.41 OK
r-devel-linux-x86_64-fedora-clang 0.2.1 33.05 NOTE
r-devel-linux-x86_64-fedora-gcc 0.2.1 32.48 NOTE
r-devel-windows-ix86+x86_64 0.2.1 14.00 36.00 50.00 OK
r-patched-linux-x86_64 0.2.1 2.07 23.74 25.81 OK
r-patched-solaris-x86 0.2.1 52.00 NOTE
r-release-linux-x86_64 0.2.1 2.11 23.88 25.99 OK
r-release-windows-ix86+x86_64 0.2.1 16.00 51.00 67.00 OK
r-release-osx-x86_64 0.2.1 NOTE
r-oldrel-windows-ix86+x86_64 0.2.1 3.00 40.00 43.00 OK
r-oldrel-osx-x86_64 0.2.1 NOTE

Check Details

Version: 0.2.1
Check: dependencies in R code
Result: NOTE
    Namespaces in Imports field not imported from:
     ‘jcolors’ ‘oompaBase’ ‘palr’ ‘pals’ ‘viridisLite’
     All declared Imports should be used.
Flavors: r-devel-linux-x86_64-fedora-clang, r-devel-linux-x86_64-fedora-gcc, r-patched-solaris-x86, r-release-osx-x86_64, r-oldrel-osx-x86_64