CRAN Package Check Results for Package paletteer

Last updated on 2019-06-19 07:48:28 CEST.

Flavor Version Tinstall Tcheck Ttotal Status Flags
r-devel-linux-x86_64-debian-clang 0.2.1 2.20 24.50 26.70 OK
r-devel-linux-x86_64-debian-gcc 0.2.1 1.77 19.80 21.57 OK
r-devel-linux-x86_64-fedora-clang 0.2.1 32.51 NOTE
r-devel-linux-x86_64-fedora-gcc 0.2.1 30.61 NOTE
r-devel-windows-ix86+x86_64 0.2.1 7.00 55.00 62.00 OK
r-patched-linux-x86_64 0.2.1 1.83 24.48 26.31 OK
r-patched-solaris-x86 0.2.1 50.90 NOTE
r-release-linux-x86_64 0.2.1 2.08 24.36 26.44 OK
r-release-windows-ix86+x86_64 0.2.1 18.00 46.00 64.00 OK
r-release-osx-x86_64 0.2.1 NOTE
r-oldrel-windows-ix86+x86_64 0.2.1 3.00 58.00 61.00 OK
r-oldrel-osx-x86_64 0.2.1 NOTE

Check Details

Version: 0.2.1
Check: dependencies in R code
Result: NOTE
    Namespaces in Imports field not imported from:
     ‘jcolors’ ‘oompaBase’ ‘palr’ ‘pals’ ‘viridisLite’
     All declared Imports should be used.
Flavors: r-devel-linux-x86_64-fedora-clang, r-devel-linux-x86_64-fedora-gcc, r-patched-solaris-x86, r-release-osx-x86_64, r-oldrel-osx-x86_64