CRAN Package Check Results for Package ordinalClust

Last updated on 2019-06-16 19:52:23 CEST.

Flavor Version Tinstall Tcheck Ttotal Status Flags
r-devel-linux-x86_64-debian-clang 1.3.1 142.54 38.13 180.67 OK
r-devel-linux-x86_64-debian-gcc 1.3.1 117.59 30.82 148.41 OK
r-devel-linux-x86_64-fedora-clang 1.3.1 286.15 NOTE
r-devel-linux-x86_64-fedora-gcc 1.3.1 261.10 NOTE
r-devel-windows-ix86+x86_64 1.3.1 387.00 101.00 488.00 OK
r-patched-linux-x86_64 1.3.1 145.73 38.19 183.92 OK
r-patched-solaris-x86 1.3.1 252.90 NOTE
r-release-linux-x86_64 1.3.1 138.84 38.28 177.12 OK
r-release-windows-ix86+x86_64 1.3.1 297.00 97.00 394.00 OK
r-release-osx-x86_64 1.3.1 NOTE
r-oldrel-windows-ix86+x86_64 1.3.1 288.00 111.00 399.00 OK
r-oldrel-osx-x86_64 1.3.1 NOTE

Check Details

Version: 1.3.1
Check: installed package size
Result: NOTE
     installed size is 9.1Mb
     sub-directories of 1Mb or more:
     libs 8.8Mb
Flavors: r-devel-linux-x86_64-fedora-clang, r-release-osx-x86_64, r-oldrel-osx-x86_64

Version: 1.3.1
Check: dependencies in R code
Result: NOTE
    Namespace in Imports field not imported from: ‘methods’
     All declared Imports should be used.
Flavors: r-devel-linux-x86_64-fedora-clang, r-devel-linux-x86_64-fedora-gcc, r-patched-solaris-x86, r-release-osx-x86_64, r-oldrel-osx-x86_64